{"id":33898,"date":"2022-09-01T18:47:07","date_gmt":"2022-09-01T18:47:07","guid":{"rendered":"https:\/\/milicia-pro.com\/?post_type=product&#038;p=33898"},"modified":"2026-01-12T18:20:07","modified_gmt":"2026-01-12T18:20:07","slug":"machete-cacador-bk","status":"publish","type":"product","link":"https:\/\/milicia-pro.com\/index.php\/product\/machete-cacador-bk\/","title":{"rendered":"MACHETE CA\u00c7ADOR BK"},"content":{"rendered":"<p>L\u00e2mina: a\u00e7o inoxid\u00e1vel<br \/>\nCabo: 100% polipropileno<br \/>\nBainha: 100% nylon<br \/>\nComprimento total da l\u00e2mina: 39 cm<br \/>\nPe\u00e7a de corte: 20,5 cm Pe\u00e7a de<br \/>\nserra: 18,5 cm<br \/>\nComprimento total: 52,5 cm<\/p>\n<p>&#8211; cabo ergon\u00f3mico e aparafusado<br \/>\n&#8211; l\u00e2mina de corte curva<br \/>\n&#8211; Pe\u00e7a de serra com dentes grossos<\/p>\n<p>-Gancho de\u00a0rasgo<\/p>\n<p>&#8211; Protec\u00e7\u00e3o com z\u00edper, bot\u00e3o e al\u00e7a tira colo<\/p>\n","protected":false},"excerpt":{"rendered":"<p>L\u00e2mina: a\u00e7o inoxid\u00e1vel Cabo: 100% polipropileno Bainha: 100% nylon Comprimento total da l\u00e2mina: 39 cm Pe\u00e7a de corte: 20,5 cm Pe\u00e7a de serra: 18,5 cm Comprimento total: 52,5 cm &#8211; cabo ergon\u00f3mico e aparafusado &#8211; l\u00e2mina de corte curva &#8211; Pe\u00e7a de serra com dentes grossos -Gancho de\u00a0rasgo &#8211; Protec\u00e7\u00e3o com z\u00edper, bot\u00e3o e al\u00e7a [&#8230;]\n","protected":false},"featured_media":33972,"comment_status":"open","ping_status":"closed","template":"","meta":{"_monsterinsights_skip_tracking":false,"_monsterinsights_sitenote_active":false,"_monsterinsights_sitenote_note":"","_monsterinsights_sitenote_category":0},"product_brand":[],"product_cat":[1065,1100,829,855],"product_tag":[147,913],"class_list":{"0":"post-33898","1":"product","2":"type-product","3":"status-publish","4":"has-post-thumbnail","6":"product_cat-cutelariaferramentas","7":"product_cat-machetes-e-machados","8":"product_cat-marcas","9":"product_cat-sturm-mil-tec","10":"product_tag-faca","11":"product_tag-mato","13":"first","14":"instock","15":"shipping-taxable","16":"purchasable","17":"product-type-variable"},"aioseo_notices":[],"jetpack_sharing_enabled":true,"_links":{"self":[{"href":"https:\/\/milicia-pro.com\/index.php\/wp-json\/wp\/v2\/product\/33898","targetHints":{"allow":["GET"]}}],"collection":[{"href":"https:\/\/milicia-pro.com\/index.php\/wp-json\/wp\/v2\/product"}],"about":[{"href":"https:\/\/milicia-pro.com\/index.php\/wp-json\/wp\/v2\/types\/product"}],"replies":[{"embeddable":true,"href":"https:\/\/milicia-pro.com\/index.php\/wp-json\/wp\/v2\/comments?post=33898"}],"wp:featuredmedia":[{"embeddable":true,"href":"https:\/\/milicia-pro.com\/index.php\/wp-json\/wp\/v2\/media\/33972"}],"wp:attachment":[{"href":"https:\/\/milicia-pro.com\/index.php\/wp-json\/wp\/v2\/media?parent=33898"}],"wp:term":[{"taxonomy":"product_brand","embeddable":true,"href":"https:\/\/milicia-pro.com\/index.php\/wp-json\/wp\/v2\/product_brand?post=33898"},{"taxonomy":"product_cat","embeddable":true,"href":"https:\/\/milicia-pro.com\/index.php\/wp-json\/wp\/v2\/product_cat?post=33898"},{"taxonomy":"product_tag","embeddable":true,"href":"https:\/\/milicia-pro.com\/index.php\/wp-json\/wp\/v2\/product_tag?post=33898"}],"curies":[{"name":"wp","href":"https:\/\/api.w.org\/{rel}","templated":true}]}}