{"id":33893,"date":"2022-09-01T18:47:06","date_gmt":"2022-09-01T18:47:06","guid":{"rendered":"https:\/\/milicia-pro.com\/?post_type=product&#038;p=33893"},"modified":"2026-02-06T12:32:42","modified_gmt":"2026-02-06T12:32:42","slug":"machete-bush","status":"publish","type":"product","link":"https:\/\/milicia-pro.com\/index.php\/product\/machete-bush\/","title":{"rendered":"MACHETE BUSH"},"content":{"rendered":"<p>L\u00e2mina: a\u00e7o 100% inoxid\u00e1vel<br \/>\nCabo: 100% ABS pl\u00e1stico<br \/>\nBainha: 100% poli\u00e9ster<br \/>\nComprimento da\u00a0l\u00e2mina\u00a0: 39,5 cm<br \/>\nComprimento total: 54 cm<\/p>\n<p>&nbsp;<\/p>\n","protected":false},"excerpt":{"rendered":"<p>L\u00e2mina: a\u00e7o 100% inoxid\u00e1vel Cabo: 100% ABS pl\u00e1stico Bainha: 100% poli\u00e9ster Comprimento da\u00a0l\u00e2mina\u00a0: 39,5 cm Comprimento total: 54 cm &nbsp;<\/p>\n","protected":false},"featured_media":33966,"comment_status":"open","ping_status":"closed","template":"","meta":{"_monsterinsights_skip_tracking":false,"_monsterinsights_sitenote_active":false,"_monsterinsights_sitenote_note":"","_monsterinsights_sitenote_category":0},"product_brand":[1596],"product_cat":[1065,1100,855],"product_tag":[147,913],"class_list":{"0":"post-33893","1":"product","2":"type-product","3":"status-publish","4":"has-post-thumbnail","6":"product_brand-sturm-mil-tec","7":"product_cat-cutelariaferramentas","8":"product_cat-machetes-e-machados","9":"product_cat-sturm-mil-tec","10":"product_tag-faca","11":"product_tag-mato","13":"first","14":"instock","15":"shipping-taxable","16":"purchasable","17":"product-type-variable"},"aioseo_notices":[],"jetpack_sharing_enabled":true,"_links":{"self":[{"href":"https:\/\/milicia-pro.com\/index.php\/wp-json\/wp\/v2\/product\/33893","targetHints":{"allow":["GET"]}}],"collection":[{"href":"https:\/\/milicia-pro.com\/index.php\/wp-json\/wp\/v2\/product"}],"about":[{"href":"https:\/\/milicia-pro.com\/index.php\/wp-json\/wp\/v2\/types\/product"}],"replies":[{"embeddable":true,"href":"https:\/\/milicia-pro.com\/index.php\/wp-json\/wp\/v2\/comments?post=33893"}],"wp:featuredmedia":[{"embeddable":true,"href":"https:\/\/milicia-pro.com\/index.php\/wp-json\/wp\/v2\/media\/33966"}],"wp:attachment":[{"href":"https:\/\/milicia-pro.com\/index.php\/wp-json\/wp\/v2\/media?parent=33893"}],"wp:term":[{"taxonomy":"product_brand","embeddable":true,"href":"https:\/\/milicia-pro.com\/index.php\/wp-json\/wp\/v2\/product_brand?post=33893"},{"taxonomy":"product_cat","embeddable":true,"href":"https:\/\/milicia-pro.com\/index.php\/wp-json\/wp\/v2\/product_cat?post=33893"},{"taxonomy":"product_tag","embeddable":true,"href":"https:\/\/milicia-pro.com\/index.php\/wp-json\/wp\/v2\/product_tag?post=33893"}],"curies":[{"name":"wp","href":"https:\/\/api.w.org\/{rel}","templated":true}]}}