{"id":33858,"date":"2022-09-01T18:46:40","date_gmt":"2022-09-01T18:46:40","guid":{"rendered":"https:\/\/milicia-pro.com\/?post_type=product&#038;p=33858"},"modified":"2025-09-12T10:25:35","modified_gmt":"2025-09-12T10:25:35","slug":"mini-machado-c-funda-cordura","status":"publish","type":"product","link":"https:\/\/milicia-pro.com\/index.php\/product\/mini-machado-c-funda-cordura\/","title":{"rendered":"MINI MACHADO C\/ FUNDA CORDURA"},"content":{"rendered":"<p>L\u00e2mina: a\u00e7o<br \/>\nCabo: elast\u00f4mero termopl\u00e1stico<\/p>\n<p>Protec\u00e7\u00e3o: 100% nylon (Oxford)<br \/>\nLargura da l\u00e2mina: aproximadamente 8 cm<\/p>\n<p>Espessura da l\u00e2mina\u00a0: aproximadamente\u00a04,6 mm<br \/>\nComprimento total: aproximadamente 28 cm<\/p>\n<p>&#8211; pe\u00e7a de aperto emborrachada<br \/>\n&#8211; a parte traseira do machado pode ser usada como um martelo<br \/>\n&#8211; incluindo protec\u00e7\u00e3o de nylon<\/p>\n","protected":false},"excerpt":{"rendered":"<p>L\u00e2mina: a\u00e7o Cabo: elast\u00f4mero termopl\u00e1stico Protec\u00e7\u00e3o: 100% nylon (Oxford) Largura da l\u00e2mina: aproximadamente 8 cm Espessura da l\u00e2mina\u00a0: aproximadamente\u00a04,6 mm Comprimento total: aproximadamente 28 cm &#8211; pe\u00e7a de aperto emborrachada &#8211; a parte traseira do machado pode ser usada como um martelo &#8211; incluindo protec\u00e7\u00e3o de nylon<\/p>\n","protected":false},"featured_media":33911,"comment_status":"open","ping_status":"closed","template":"","meta":{"_monsterinsights_skip_tracking":false,"_monsterinsights_sitenote_active":false,"_monsterinsights_sitenote_note":"","_monsterinsights_sitenote_category":0},"product_brand":[],"product_cat":[1065,1100,829,855],"product_tag":[747,748,749,750,751,730],"class_list":{"0":"post-33858","1":"product","2":"type-product","3":"status-publish","4":"has-post-thumbnail","6":"product_cat-cutelariaferramentas","7":"product_cat-machetes-e-machados","8":"product_cat-marcas","9":"product_cat-sturm-mil-tec","10":"product_tag-floresta","11":"product_tag-fogueira","12":"product_tag-lenha","13":"product_tag-machado","14":"product_tag-madeira","15":"product_tag-montanha","17":"first","18":"outofstock","19":"shipping-taxable","20":"purchasable","21":"product-type-variable"},"aioseo_notices":[],"jetpack_sharing_enabled":true,"_links":{"self":[{"href":"https:\/\/milicia-pro.com\/index.php\/wp-json\/wp\/v2\/product\/33858","targetHints":{"allow":["GET"]}}],"collection":[{"href":"https:\/\/milicia-pro.com\/index.php\/wp-json\/wp\/v2\/product"}],"about":[{"href":"https:\/\/milicia-pro.com\/index.php\/wp-json\/wp\/v2\/types\/product"}],"replies":[{"embeddable":true,"href":"https:\/\/milicia-pro.com\/index.php\/wp-json\/wp\/v2\/comments?post=33858"}],"wp:featuredmedia":[{"embeddable":true,"href":"https:\/\/milicia-pro.com\/index.php\/wp-json\/wp\/v2\/media\/33911"}],"wp:attachment":[{"href":"https:\/\/milicia-pro.com\/index.php\/wp-json\/wp\/v2\/media?parent=33858"}],"wp:term":[{"taxonomy":"product_brand","embeddable":true,"href":"https:\/\/milicia-pro.com\/index.php\/wp-json\/wp\/v2\/product_brand?post=33858"},{"taxonomy":"product_cat","embeddable":true,"href":"https:\/\/milicia-pro.com\/index.php\/wp-json\/wp\/v2\/product_cat?post=33858"},{"taxonomy":"product_tag","embeddable":true,"href":"https:\/\/milicia-pro.com\/index.php\/wp-json\/wp\/v2\/product_tag?post=33858"}],"curies":[{"name":"wp","href":"https:\/\/api.w.org\/{rel}","templated":true}]}}