{"id":33829,"date":"2022-09-01T18:46:17","date_gmt":"2022-09-01T18:46:17","guid":{"rendered":"https:\/\/milicia-pro.com\/?post_type=product&#038;p=33829"},"modified":"2025-03-27T11:07:39","modified_gmt":"2025-03-27T11:07:39","slug":"serra-de-punho-65cm","status":"publish","type":"product","link":"https:\/\/milicia-pro.com\/index.php\/product\/serra-de-punho-65cm\/","title":{"rendered":"SERRA DE PUNHO 65CM"},"content":{"rendered":"<p>Serra correias de\u00a0a\u00e7o\u00a0: 100% nylon<br \/>\nComprimento\u00a0total\u00a0: 65 cm<\/p>\n<p>Ferramenta indispens\u00e1vel para caminhantes, campistas e ca\u00e7adores<br \/>\nExcelente para uso dom\u00e9stico<br \/>\nCorta facilmente madeira, pl\u00e1stico etc.<\/p>\n","protected":false},"excerpt":{"rendered":"<p>Serra correias de\u00a0a\u00e7o\u00a0: 100% nylon Comprimento\u00a0total\u00a0: 65 cm Ferramenta indispens\u00e1vel para caminhantes, campistas e ca\u00e7adores Excelente para uso dom\u00e9stico Corta facilmente madeira, pl\u00e1stico etc.<\/p>\n","protected":false},"featured_media":33886,"comment_status":"open","ping_status":"closed","template":"","meta":{"_monsterinsights_skip_tracking":false,"_monsterinsights_sitenote_active":false,"_monsterinsights_sitenote_note":"","_monsterinsights_sitenote_category":0},"product_brand":[],"product_cat":[1065,829,1365,855],"product_tag":[923,925],"class_list":{"0":"post-33829","1":"product","2":"type-product","3":"status-publish","4":"has-post-thumbnail","6":"product_cat-cutelariaferramentas","7":"product_cat-marcas","8":"product_cat-serra","9":"product_cat-sturm-mil-tec","10":"product_tag-corte","11":"product_tag-serra","13":"first","14":"instock","15":"shipping-taxable","16":"purchasable","17":"product-type-variable"},"aioseo_notices":[],"jetpack_sharing_enabled":true,"_links":{"self":[{"href":"https:\/\/milicia-pro.com\/index.php\/wp-json\/wp\/v2\/product\/33829","targetHints":{"allow":["GET"]}}],"collection":[{"href":"https:\/\/milicia-pro.com\/index.php\/wp-json\/wp\/v2\/product"}],"about":[{"href":"https:\/\/milicia-pro.com\/index.php\/wp-json\/wp\/v2\/types\/product"}],"replies":[{"embeddable":true,"href":"https:\/\/milicia-pro.com\/index.php\/wp-json\/wp\/v2\/comments?post=33829"}],"wp:featuredmedia":[{"embeddable":true,"href":"https:\/\/milicia-pro.com\/index.php\/wp-json\/wp\/v2\/media\/33886"}],"wp:attachment":[{"href":"https:\/\/milicia-pro.com\/index.php\/wp-json\/wp\/v2\/media?parent=33829"}],"wp:term":[{"taxonomy":"product_brand","embeddable":true,"href":"https:\/\/milicia-pro.com\/index.php\/wp-json\/wp\/v2\/product_brand?post=33829"},{"taxonomy":"product_cat","embeddable":true,"href":"https:\/\/milicia-pro.com\/index.php\/wp-json\/wp\/v2\/product_cat?post=33829"},{"taxonomy":"product_tag","embeddable":true,"href":"https:\/\/milicia-pro.com\/index.php\/wp-json\/wp\/v2\/product_tag?post=33829"}],"curies":[{"name":"wp","href":"https:\/\/api.w.org\/{rel}","templated":true}]}}