{"id":33709,"date":"2022-09-01T18:44:09","date_gmt":"2022-09-01T18:44:09","guid":{"rendered":"https:\/\/milicia-pro.com\/?post_type=product&#038;p=33709"},"modified":"2026-01-23T17:24:58","modified_gmt":"2026-01-23T17:24:58","slug":"fiador-em-kevlar-p-arma","status":"publish","type":"product","link":"https:\/\/milicia-pro.com\/index.php\/product\/fiador-em-kevlar-p-arma\/","title":{"rendered":"FIADOR EM KEVLAR P\/ARMA"},"content":{"rendered":"<p><img loading=\"lazy\" decoding=\"async\" class=\"alignnone wp-image-42273\" src=\"https:\/\/milicia-pro.com\/wp-content\/uploads\/2022\/09\/ST.1618250-240x300.png\" alt=\"\" width=\"225\" height=\"281\" srcset=\"https:\/\/milicia-pro.com\/wp-content\/uploads\/2022\/09\/ST.1618250-240x300.png 240w, https:\/\/milicia-pro.com\/wp-content\/uploads\/2022\/09\/ST.1618250.png 338w\" sizes=\"auto, (max-width: 225px) 100vw, 225px\" \/><\/p>\n<p>Este Fiador da Sturm \u00e9 o ideal para prender a armas, chaves de algemas, lanternas etc.<\/p>\n<p>Fiador resistente e dur\u00e1vel.<\/p>\n<p>100% poliuretano<br \/>\nComprimento normal: 33,5 cm<br \/>\nComprimento esticado: at\u00e9 aprox. 87 cm<\/p>\n","protected":false},"excerpt":{"rendered":"<p>Este Fiador da Sturm \u00e9 o ideal para prender a armas, chaves de algemas, lanternas etc. Fiador resistente e dur\u00e1vel. 100% poliuretano Comprimento normal: 33,5 cm Comprimento esticado: at\u00e9 aprox. 87 cm<\/p>\n","protected":false},"featured_media":38882,"comment_status":"open","ping_status":"closed","template":"","meta":{"_monsterinsights_skip_tracking":false,"_monsterinsights_sitenote_active":false,"_monsterinsights_sitenote_note":"","_monsterinsights_sitenote_category":0},"product_brand":[],"product_cat":[1115,1064,1332,829,855],"product_tag":[64,1041,900,1040,193],"class_list":{"0":"post-33709","1":"product","2":"type-product","3":"status-publish","4":"has-post-thumbnail","6":"product_cat-acessorios-armas","7":"product_cat-equipamentotatico","8":"product_cat-fiador","9":"product_cat-marcas","10":"product_cat-sturm-mil-tec","11":"product_tag-arma","12":"product_tag-chaves","13":"product_tag-cordao","14":"product_tag-fiador","15":"product_tag-lanterna","17":"first","18":"instock","19":"shipping-taxable","20":"purchasable","21":"product-type-variable"},"aioseo_notices":[],"jetpack_sharing_enabled":true,"_links":{"self":[{"href":"https:\/\/milicia-pro.com\/index.php\/wp-json\/wp\/v2\/product\/33709","targetHints":{"allow":["GET"]}}],"collection":[{"href":"https:\/\/milicia-pro.com\/index.php\/wp-json\/wp\/v2\/product"}],"about":[{"href":"https:\/\/milicia-pro.com\/index.php\/wp-json\/wp\/v2\/types\/product"}],"replies":[{"embeddable":true,"href":"https:\/\/milicia-pro.com\/index.php\/wp-json\/wp\/v2\/comments?post=33709"}],"wp:featuredmedia":[{"embeddable":true,"href":"https:\/\/milicia-pro.com\/index.php\/wp-json\/wp\/v2\/media\/38882"}],"wp:attachment":[{"href":"https:\/\/milicia-pro.com\/index.php\/wp-json\/wp\/v2\/media?parent=33709"}],"wp:term":[{"taxonomy":"product_brand","embeddable":true,"href":"https:\/\/milicia-pro.com\/index.php\/wp-json\/wp\/v2\/product_brand?post=33709"},{"taxonomy":"product_cat","embeddable":true,"href":"https:\/\/milicia-pro.com\/index.php\/wp-json\/wp\/v2\/product_cat?post=33709"},{"taxonomy":"product_tag","embeddable":true,"href":"https:\/\/milicia-pro.com\/index.php\/wp-json\/wp\/v2\/product_tag?post=33709"}],"curies":[{"name":"wp","href":"https:\/\/api.w.org\/{rel}","templated":true}]}}