{"id":33567,"date":"2022-09-01T18:42:10","date_gmt":"2022-09-01T18:42:10","guid":{"rendered":"https:\/\/milicia-pro.com\/?post_type=product&#038;p=33567"},"modified":"2026-01-08T09:52:46","modified_gmt":"2026-01-08T09:52:46","slug":"luvas-street-guard-anti-corte-c-liner-x11","status":"publish","type":"product","link":"https:\/\/milicia-pro.com\/index.php\/product\/luvas-street-guard-anti-corte-c-liner-x11\/","title":{"rendered":"LUVAS STREET GUARD ANTI-CORTE C\/ LINER X11"},"content":{"rendered":"<p>Luva HATCH Anticorte SGX11 apresentam uma Palma de couro sint\u00e9tico com relevo o material por excel\u00eancia extrema-Grip deslizamento, para uma excelente ader\u00eancia e controle de armas.<\/p>\n<p>O neoprene e spandex fornece um ajuste confort\u00e1vel.<\/p>\n<p>&nbsp;<\/p>\n","protected":false},"excerpt":{"rendered":"<p>Luva HATCH Anticorte SGX11 apresentam uma Palma de couro sint\u00e9tico com relevo o material por excel\u00eancia extrema-Grip deslizamento, para uma excelente ader\u00eancia e controle de armas. O neoprene e spandex fornece um ajuste confort\u00e1vel. &nbsp;<\/p>\n","protected":false},"featured_media":33581,"comment_status":"open","ping_status":"closed","template":"","meta":{"_monsterinsights_skip_tracking":false,"_monsterinsights_sitenote_active":false,"_monsterinsights_sitenote_note":"","_monsterinsights_sitenote_category":0},"product_brand":[1512],"product_cat":[1064,965,1088,829],"product_tag":[846],"class_list":{"0":"post-33567","1":"product","2":"type-product","3":"status-publish","4":"has-post-thumbnail","6":"product_brand-hatch","7":"product_cat-equipamentotatico","8":"product_cat-hatch","9":"product_cat-luvas","10":"product_cat-marcas","11":"product_tag-luvas","13":"first","14":"instock","15":"shipping-taxable","16":"purchasable","17":"product-type-variable"},"aioseo_notices":[],"jetpack_sharing_enabled":true,"_links":{"self":[{"href":"https:\/\/milicia-pro.com\/index.php\/wp-json\/wp\/v2\/product\/33567","targetHints":{"allow":["GET"]}}],"collection":[{"href":"https:\/\/milicia-pro.com\/index.php\/wp-json\/wp\/v2\/product"}],"about":[{"href":"https:\/\/milicia-pro.com\/index.php\/wp-json\/wp\/v2\/types\/product"}],"replies":[{"embeddable":true,"href":"https:\/\/milicia-pro.com\/index.php\/wp-json\/wp\/v2\/comments?post=33567"}],"wp:featuredmedia":[{"embeddable":true,"href":"https:\/\/milicia-pro.com\/index.php\/wp-json\/wp\/v2\/media\/33581"}],"wp:attachment":[{"href":"https:\/\/milicia-pro.com\/index.php\/wp-json\/wp\/v2\/media?parent=33567"}],"wp:term":[{"taxonomy":"product_brand","embeddable":true,"href":"https:\/\/milicia-pro.com\/index.php\/wp-json\/wp\/v2\/product_brand?post=33567"},{"taxonomy":"product_cat","embeddable":true,"href":"https:\/\/milicia-pro.com\/index.php\/wp-json\/wp\/v2\/product_cat?post=33567"},{"taxonomy":"product_tag","embeddable":true,"href":"https:\/\/milicia-pro.com\/index.php\/wp-json\/wp\/v2\/product_tag?post=33567"}],"curies":[{"name":"wp","href":"https:\/\/api.w.org\/{rel}","templated":true}]}}