{"id":32876,"date":"2022-09-01T17:39:13","date_gmt":"2022-09-01T17:39:13","guid":{"rendered":"https:\/\/milicia-pro.com\/?post_type=product&#038;p=32876"},"modified":"2025-07-23T16:17:40","modified_gmt":"2025-07-23T16:17:40","slug":"polo-v2-pro-performance-homem-manga-curta","status":"publish","type":"product","link":"https:\/\/milicia-pro.com\/index.php\/product\/polo-v2-pro-performance-homem-manga-curta\/","title":{"rendered":"POLO V2 PRO PERFORMANCE HOMEM &#8211; MANGA CURTA"},"content":{"rendered":"<div style=\"width: 1020px;\" class=\"wp-video\"><video class=\"wp-video-shortcode\" id=\"video-32876-1\" width=\"1020\" height=\"574\" preload=\"metadata\" controls=\"controls\"><source type=\"video\/mp4\" src=\"https:\/\/miliciapro.com\/wp-content\/uploads\/2020\/05\/First-Tactical-Performance-Short-Sleeve-Uniform-Or-Casual-Polo-1_Trim.mp4?_=1\" \/><a href=\"https:\/\/miliciapro.com\/wp-content\/uploads\/2020\/05\/First-Tactical-Performance-Short-Sleeve-Uniform-Or-Casual-Polo-1_Trim.mp4\">https:\/\/miliciapro.com\/wp-content\/uploads\/2020\/05\/First-Tactical-Performance-Short-Sleeve-Uniform-Or-Casual-Polo-1_Trim.mp4<\/a><\/video><\/div>\n<p><strong>DETALHES DO PRODUTO<\/strong><\/p>\n<p>O polo V2 Pro Performance de manga curta tem um design h\u00edbrido desenvolvido com a participa\u00e7\u00e3o dos agentes profissionais.<\/p>\n<p>O resultado \u00e9 um novo tecido mais leve dando maior facilidade de movimentos.<\/p>\n<p>&nbsp;<\/p>\n<p><strong>ESPECIFICA\u00c7\u00d5ES<\/strong><\/p>\n<p>65% Poli\u00e9ster \/ 35% Algod\u00e3o, 3,9 oz de ripstop duplo<\/p>\n<p>Acabamento Teflon\u00ae<\/p>\n<p>Jersey 100% poli\u00e9ster, com acabamento anti-odor<\/p>\n<p>Costuras refor\u00e7adas nas mangas e nos pontos de maior press\u00e3o<\/p>\n<p>O seu design e tecido oferecem uma maior liberdade de movimentos.<\/p>\n<p>Colarinhos vincados, o que d\u00e1 uma apar\u00eancia de camisa.<\/p>\n","protected":false},"excerpt":{"rendered":"<p>DETALHES DO PRODUTO O polo V2 Pro Performance de manga curta tem um design h\u00edbrido desenvolvido com a participa\u00e7\u00e3o dos agentes profissionais. O resultado \u00e9 um novo tecido mais leve dando maior facilidade de movimentos. &nbsp; ESPECIFICA\u00c7\u00d5ES 65% Poli\u00e9ster \/ 35% Algod\u00e3o, 3,9 oz de ripstop duplo Acabamento Teflon\u00ae Jersey 100% poli\u00e9ster, com acabamento anti-odor [&#8230;]\n","protected":false},"featured_media":37606,"comment_status":"open","ping_status":"closed","template":"","meta":{"_monsterinsights_skip_tracking":false,"_monsterinsights_sitenote_active":false,"_monsterinsights_sitenote_note":"","_monsterinsights_sitenote_category":0},"product_brand":[],"product_cat":[830,829,1077,1063],"product_tag":[169,726,530],"class_list":{"0":"post-32876","1":"product","2":"type-product","3":"status-publish","4":"has-post-thumbnail","6":"product_cat-firsttactical","7":"product_cat-marcas","8":"product_cat-polo","9":"product_cat-vestuario","10":"product_tag-homem","11":"product_tag-manga-curta","12":"product_tag-polo","14":"first","15":"instock","16":"shipping-taxable","17":"purchasable","18":"product-type-variable"},"aioseo_notices":[],"jetpack_sharing_enabled":true,"_links":{"self":[{"href":"https:\/\/milicia-pro.com\/index.php\/wp-json\/wp\/v2\/product\/32876","targetHints":{"allow":["GET"]}}],"collection":[{"href":"https:\/\/milicia-pro.com\/index.php\/wp-json\/wp\/v2\/product"}],"about":[{"href":"https:\/\/milicia-pro.com\/index.php\/wp-json\/wp\/v2\/types\/product"}],"replies":[{"embeddable":true,"href":"https:\/\/milicia-pro.com\/index.php\/wp-json\/wp\/v2\/comments?post=32876"}],"wp:featuredmedia":[{"embeddable":true,"href":"https:\/\/milicia-pro.com\/index.php\/wp-json\/wp\/v2\/media\/37606"}],"wp:attachment":[{"href":"https:\/\/milicia-pro.com\/index.php\/wp-json\/wp\/v2\/media?parent=32876"}],"wp:term":[{"taxonomy":"product_brand","embeddable":true,"href":"https:\/\/milicia-pro.com\/index.php\/wp-json\/wp\/v2\/product_brand?post=32876"},{"taxonomy":"product_cat","embeddable":true,"href":"https:\/\/milicia-pro.com\/index.php\/wp-json\/wp\/v2\/product_cat?post=32876"},{"taxonomy":"product_tag","embeddable":true,"href":"https:\/\/milicia-pro.com\/index.php\/wp-json\/wp\/v2\/product_tag?post=32876"}],"curies":[{"name":"wp","href":"https:\/\/api.w.org\/{rel}","templated":true}]}}