{"id":32459,"date":"2022-09-01T17:33:13","date_gmt":"2022-09-01T17:33:13","guid":{"rendered":"https:\/\/milicia-pro.com\/?post_type=product&#038;p=32459"},"modified":"2025-07-27T12:53:50","modified_gmt":"2025-07-27T12:53:50","slug":"parka-tactix-system-hi-vis-mulher","status":"publish","type":"product","link":"https:\/\/milicia-pro.com\/index.php\/product\/parka-tactix-system-hi-vis-mulher\/","title":{"rendered":"PARKA TACTIX SYSTEM HI-VIS MULHER"},"content":{"rendered":"<p>A Parka Tactix Hi-Vis System da First Tactical apresenta um design especializado para garantir maior seguran\u00e7a e visibilidade em condi\u00e7\u00f5es perigosas.<\/p>\n<p>Tecido aprovado segundo as normas de seguran\u00e7a e guarni\u00e7\u00f5es reflectoras 3M Scotchlite permitem que seja visto com clareza.<\/p>\n<p>Com o revestimento Softshell Long Jacket e com fecho para isolar.<\/p>\n<p><strong>ESPECIFICA\u00c7\u00d5ES DO ESCUDO EXTERIOR<\/strong>: Norma ANSI\/ISEA 107\/2010; tecido 100% nylon; totalmente selado; imperme\u00e1vel; respir\u00e1vel e resistente a agentes patog\u00eanicos; fechos YKK; Prym snaps; Hardware Duarflex.<\/p>\n<p><strong>CASACO SOFTSHELL LONGO (INCLUIDO E TAMB\u00c9M VENDIDO EM SEPARADO)<\/strong>: 85% nylon; 15% spandex; forrado a l\u00e3; fechos YKK; Prym snaps; Hardware Duarflex.<\/p>\n<p><img loading=\"lazy\" decoding=\"async\" class=\"alignnone size-medium wp-image-18048\" src=\"https:\/\/miliciapro.com\/wp-content\/uploads\/2020\/03\/UNADJUSTEDNONRAW_thumb_199-267x400.jpg\" alt=\"\" width=\"267\" height=\"400\" \/><\/p>\n<p><img loading=\"lazy\" decoding=\"async\" class=\"size-full wp-image-18049 alignleft\" src=\"https:\/\/miliciapro.com\/wp-content\/uploads\/2020\/03\/128505-10.png\" alt=\"\" width=\"208\" height=\"150\" \/><\/p>\n<p><strong>PARKA EXTERNA DUR\u00c1VEL<\/strong><\/p>\n<p>O revestimento externo resistente \u00e0 costura e feito em 100% nylon, \u00e9 imperme\u00e1vel, respir\u00e1vel e corta vento. Este material superior \u00e9 vedado firmemente, ventilado, com fecho e um design que permite maior liberdade de movimentos dos bra\u00e7os. O material \u00e9 resistente a elementos pat\u00f3genos transmitidos pelo sangue.<\/p>\n<p>&nbsp;<\/p>\n<p><img loading=\"lazy\" decoding=\"async\" class=\"size-medium wp-image-18050 alignleft\" src=\"https:\/\/miliciapro.com\/wp-content\/uploads\/2020\/03\/128505-11.png\" alt=\"\" width=\"210\" height=\"148\" \/><\/p>\n<p><strong>FECHO DO SOFTSHELL<\/strong><\/p>\n<p>O casaco interno apresenta uma camada adicional de prote\u00e7\u00e3o e conforto, com o exterior resistente ao vento e \u00e0 \u00e1gua e o seu interior macio. Perfeito para usar individualmente ou em condi\u00e7\u00f5es adversas, por baixo do casaco externo, permitindo assim uma dupla seguran\u00e7a.<\/p>\n<p>&nbsp;<\/p>\n<p>&nbsp;<\/p>\n<p><img loading=\"lazy\" decoding=\"async\" class=\"size-medium wp-image-18051 alignleft\" src=\"https:\/\/miliciapro.com\/wp-content\/uploads\/2020\/03\/128505-12.png\" alt=\"\" width=\"208\" height=\"146\" \/><\/p>\n<p><strong>CAPUZ DE AJUSTE<\/strong><\/p>\n<p>O primeiro Rain Tutter Design t\u00e1tico, evita que a \u00e1gua pingue no rosto, com moldagem de 3 vias permitindo o capuz ficar ajustado na perfei\u00e7\u00e3o, mantendo a vis\u00e3o clara. F\u00e1cil de remover quando n\u00e3o necess\u00e1rio podendo guardar no bolso lombar.<\/p>\n<p>&nbsp;<\/p>\n<p>&nbsp;<\/p>\n<p><strong>INSTRU\u00c7\u00d5ES DE LAVAGEM<\/strong><\/p>\n<ul>\n<li>Lavar \u00e0 m\u00e1quina a frio e com cores semelhantes<\/li>\n<li>N\u00e3o utilizar lix\u00edvia nem amaciador<\/li>\n<li>Secar a baixa temperatura<\/li>\n<li>N\u00e3o engomar<\/li>\n<\/ul>\n","protected":false},"excerpt":{"rendered":"<p>A Parka Tactix Hi-Vis System da First Tactical apresenta um design especializado para garantir maior seguran\u00e7a e visibilidade em condi\u00e7\u00f5es perigosas. Tecido aprovado segundo as normas de seguran\u00e7a e guarni\u00e7\u00f5es reflectoras 3M Scotchlite permitem que seja visto com clareza. Com o revestimento Softshell Long Jacket e com fecho para isolar. ESPECIFICA\u00c7\u00d5ES DO ESCUDO EXTERIOR: Norma [&#8230;]\n","protected":false},"featured_media":32492,"comment_status":"open","ping_status":"closed","template":"","meta":{"_monsterinsights_skip_tracking":false,"_monsterinsights_sitenote_active":false,"_monsterinsights_sitenote_note":"","_monsterinsights_sitenote_category":0},"product_brand":[],"product_cat":[1080,830,829,1063],"product_tag":[110,232,277,301,326],"class_list":{"0":"post-32459","1":"product","2":"type-product","3":"status-publish","4":"has-post-thumbnail","6":"product_cat-casaco","7":"product_cat-firsttactical","8":"product_cat-marcas","9":"product_cat-vestuario","10":"product_tag-casaco","11":"product_tag-parka","12":"product_tag-profissional","13":"product_tag-senhora","14":"product_tag-tatico","16":"first","17":"instock","18":"shipping-taxable","19":"purchasable","20":"product-type-variable"},"aioseo_notices":[],"jetpack_sharing_enabled":true,"_links":{"self":[{"href":"https:\/\/milicia-pro.com\/index.php\/wp-json\/wp\/v2\/product\/32459","targetHints":{"allow":["GET"]}}],"collection":[{"href":"https:\/\/milicia-pro.com\/index.php\/wp-json\/wp\/v2\/product"}],"about":[{"href":"https:\/\/milicia-pro.com\/index.php\/wp-json\/wp\/v2\/types\/product"}],"replies":[{"embeddable":true,"href":"https:\/\/milicia-pro.com\/index.php\/wp-json\/wp\/v2\/comments?post=32459"}],"wp:featuredmedia":[{"embeddable":true,"href":"https:\/\/milicia-pro.com\/index.php\/wp-json\/wp\/v2\/media\/32492"}],"wp:attachment":[{"href":"https:\/\/milicia-pro.com\/index.php\/wp-json\/wp\/v2\/media?parent=32459"}],"wp:term":[{"taxonomy":"product_brand","embeddable":true,"href":"https:\/\/milicia-pro.com\/index.php\/wp-json\/wp\/v2\/product_brand?post=32459"},{"taxonomy":"product_cat","embeddable":true,"href":"https:\/\/milicia-pro.com\/index.php\/wp-json\/wp\/v2\/product_cat?post=32459"},{"taxonomy":"product_tag","embeddable":true,"href":"https:\/\/milicia-pro.com\/index.php\/wp-json\/wp\/v2\/product_tag?post=32459"}],"curies":[{"name":"wp","href":"https:\/\/api.w.org\/{rel}","templated":true}]}}