{"id":32432,"date":"2022-09-01T17:32:49","date_gmt":"2022-09-01T17:32:49","guid":{"rendered":"https:\/\/milicia-pro.com\/?post_type=product&#038;p=32432"},"modified":"2025-07-24T16:30:35","modified_gmt":"2025-07-24T16:30:35","slug":"casaco-tactix-system-mulher","status":"publish","type":"product","link":"https:\/\/milicia-pro.com\/index.php\/product\/casaco-tactix-system-mulher\/","title":{"rendered":"CASACO TACTIX SYSTEM MULHER"},"content":{"rendered":"<p>O casaco Tactix System para senhora \u00e9 um casaco t\u00e1tico imperme\u00e1vel resistente ao vento, com um design especifico para ajustar num corpo feminino.<\/p>\n<ul>\n<li><strong>Casaco exterior<\/strong>: 100% nylon e imperme\u00e1vel, resistente ao vento, resistente a agentes pat\u00f3genos transmitidos pelo sangue, com fechos YKK, Prym snaps e Hardware Duraflex.<\/li>\n<li><strong>Casaco interior curto Softshell<\/strong>: 85% nylon, 15% spandex, 4 softshell el\u00e1stico, resistente \u00e0 chuva e vento, macio por dentro, fecho YKK, encaixe Prym e Hardware Duraflex.<\/li>\n<\/ul>\n<p><iframe loading=\"lazy\" title=\"First Tactical&#039;s Men&#039;s Tactix 3-In-1 System Jacket\" width=\"1020\" height=\"574\" src=\"https:\/\/www.youtube.com\/embed\/OxDQc_XapPU?feature=oembed\" frameborder=\"0\" allow=\"accelerometer; autoplay; clipboard-write; encrypted-media; gyroscope; picture-in-picture; web-share\" referrerpolicy=\"strict-origin-when-cross-origin\" allowfullscreen><\/iframe><\/p>\n<p>&nbsp;<\/p>\n<p><img loading=\"lazy\" decoding=\"async\" class=\"size-full wp-image-18016 alignleft\" src=\"https:\/\/miliciapro.com\/wp-content\/uploads\/2020\/03\/128502-10.png\" alt=\"\" width=\"207\" height=\"150\" \/><\/p>\n<p><strong>MULHER T\u00c1TICA<\/strong><\/p>\n<p>Apresenta um corte mais profissional projetado para um corpo feminino. Mangas mais estreitas, ombros mais magros e uma cintura ajustada com mais espa\u00e7o no peito proporcionando um ajuste profissional sem inibir os movimentos.<\/p>\n<p>&nbsp;<\/p>\n<p>&nbsp;<\/p>\n<p><img loading=\"lazy\" decoding=\"async\" class=\"size-medium wp-image-18017 alignleft\" src=\"https:\/\/miliciapro.com\/wp-content\/uploads\/2020\/03\/128502-11.png\" alt=\"\" width=\"206\" height=\"144\" \/><\/p>\n<p><strong>PARTE EXTERNA DUR\u00c1VEL<\/strong><\/p>\n<p>O revestimento externo \u00e9 resistente e feito em 100% nylon, repelente ao vento e imperme\u00e1vel. Com design especial que permite uma grande liberdade de movimentos, especialmente dos bra\u00e7os. Material resistente a agentes pat\u00f3genos transmitidos pelo sangue.<\/p>\n<p>&nbsp;<\/p>\n<p>&nbsp;<\/p>\n<p><img loading=\"lazy\" decoding=\"async\" class=\"size-medium wp-image-18018 alignleft\" src=\"https:\/\/miliciapro.com\/wp-content\/uploads\/2020\/03\/128502-12.png\" alt=\"\" width=\"208\" height=\"147\" \/><\/p>\n<p><strong>FECHO DO SOFTSHELL<\/strong><\/p>\n<p>O casaco interno apresenta uma camada adicional de prote\u00e7\u00e3o e conforto, com o exterior resistente ao vento e \u00e0 \u00e1gua e o seu interior macio. Perfeito para usar individualmente ou em condi\u00e7\u00f5es adversas, por baixo do casaco externo, permitindo assim uma dupla seguran\u00e7a.<\/p>\n<p>&nbsp;<\/p>\n<p>&nbsp;<\/p>\n<p><strong>INSTRU\u00c7\u00d5ES DE LAVAGEM<\/strong><\/p>\n<ul>\n<li>Lavar \u00e0 m\u00e1quina a frio e com cores semelhantes<\/li>\n<li>N\u00e3o utilizar lix\u00edvia nem amaciador<\/li>\n<li>Secar a baixa temperatura<\/li>\n<li>N\u00e3o engomar<\/li>\n<\/ul>\n<p>&nbsp;<\/p>\n<p>&nbsp;<\/p>\n","protected":false},"excerpt":{"rendered":"<p>Brevemente Dispon\u00edvel<\/p>\n","protected":false},"featured_media":32464,"comment_status":"open","ping_status":"closed","template":"","meta":{"_monsterinsights_skip_tracking":false,"_monsterinsights_sitenote_active":false,"_monsterinsights_sitenote_note":"","_monsterinsights_sitenote_category":0},"product_brand":[],"product_cat":[1080,830,829,1063],"product_tag":[110,724,301,326],"class_list":{"0":"post-32432","1":"product","2":"type-product","3":"status-publish","4":"has-post-thumbnail","6":"product_cat-casaco","7":"product_cat-firsttactical","8":"product_cat-marcas","9":"product_cat-vestuario","10":"product_tag-casaco","11":"product_tag-impermeavel","12":"product_tag-senhora","13":"product_tag-tatico","15":"first","16":"onbackorder","17":"shipping-taxable","18":"purchasable","19":"product-type-variable"},"aioseo_notices":[],"jetpack_sharing_enabled":true,"_links":{"self":[{"href":"https:\/\/milicia-pro.com\/index.php\/wp-json\/wp\/v2\/product\/32432","targetHints":{"allow":["GET"]}}],"collection":[{"href":"https:\/\/milicia-pro.com\/index.php\/wp-json\/wp\/v2\/product"}],"about":[{"href":"https:\/\/milicia-pro.com\/index.php\/wp-json\/wp\/v2\/types\/product"}],"replies":[{"embeddable":true,"href":"https:\/\/milicia-pro.com\/index.php\/wp-json\/wp\/v2\/comments?post=32432"}],"wp:featuredmedia":[{"embeddable":true,"href":"https:\/\/milicia-pro.com\/index.php\/wp-json\/wp\/v2\/media\/32464"}],"wp:attachment":[{"href":"https:\/\/milicia-pro.com\/index.php\/wp-json\/wp\/v2\/media?parent=32432"}],"wp:term":[{"taxonomy":"product_brand","embeddable":true,"href":"https:\/\/milicia-pro.com\/index.php\/wp-json\/wp\/v2\/product_brand?post=32432"},{"taxonomy":"product_cat","embeddable":true,"href":"https:\/\/milicia-pro.com\/index.php\/wp-json\/wp\/v2\/product_cat?post=32432"},{"taxonomy":"product_tag","embeddable":true,"href":"https:\/\/milicia-pro.com\/index.php\/wp-json\/wp\/v2\/product_tag?post=32432"}],"curies":[{"name":"wp","href":"https:\/\/api.w.org\/{rel}","templated":true}]}}