{"id":31596,"date":"2022-09-01T17:17:56","date_gmt":"2022-09-01T17:17:56","guid":{"rendered":"https:\/\/milicia-pro.com\/?post_type=product&#038;p=31596"},"modified":"2025-05-25T08:09:26","modified_gmt":"2025-05-25T08:09:26","slug":"bolsa-kit-oxigenio","status":"publish","type":"product","link":"https:\/\/milicia-pro.com\/index.php\/product\/bolsa-kit-oxigenio\/","title":{"rendered":"BOLSA KIT OXIG\u00c9NIO"},"content":{"rendered":"<p>Este kit de oxig\u00e9nio possui duas molas em C com fechos de velcro e com fivela, permitindo assim ao utilizador destas bolsas escolher entre coloc\u00e1-la dentro ou fora da sua primeira bolsa de salto t\u00e1ctico.<\/p>\n<p>Este Kit vem com uma tampa de garrafa acolchoada para protec\u00e7\u00e3o e pode conter um cilindro de 15,2cm. Apresenta-se com uma cor verde claro e uma fita de nome DotTac que permite que o kit seja facilmente localizado ou descrito.<\/p>\n<p>Tamanho: 17,7cm x 22,8cm; \u00e1rea para a fita de nome de 15,2cm x 2,5cm; puxadores do fecho de grandes dimens\u00f5es; al\u00e7a superior.<\/p>\n<p><img loading=\"lazy\" decoding=\"async\" class=\"size-full wp-image-17065 alignleft\" src=\"https:\/\/miliciapro.com\/wp-content\/uploads\/2020\/03\/180040-10.png\" alt=\"\" width=\"203\" height=\"146\" \/><\/p>\n<p><strong>DENTRO OU FORA<\/strong><\/p>\n<p>O kit de oxig\u00e9nio possui duas molas em C com fechos de velcro e com fivela, permitindo que os operacionais possam colocar dentro ou fora da sua mala.<\/p>\n<p>&nbsp;<\/p>\n<p>&nbsp;<\/p>\n<p><img loading=\"lazy\" decoding=\"async\" class=\"size-medium wp-image-17066 alignleft\" src=\"https:\/\/miliciapro.com\/wp-content\/uploads\/2020\/03\/180040-11.png\" alt=\"\" width=\"196\" height=\"142\" \/><\/p>\n<p><strong>TAMPA DA BOLSA ACOLCHOADA<\/strong><\/p>\n<p>A tampa acolchoada permite ter uma protec\u00e7\u00e3o segura na botija do oxig\u00e9nio.<\/p>\n<p>&nbsp;<\/p>\n<p>&nbsp;<\/p>\n<p>&nbsp;<\/p>\n<p><img loading=\"lazy\" decoding=\"async\" class=\"size-medium wp-image-17067 alignleft\" src=\"https:\/\/miliciapro.com\/wp-content\/uploads\/2020\/03\/180040-12.png\" alt=\"\" width=\"205\" height=\"142\" \/><\/p>\n<p><strong>F\u00c1CIL DE IDENTIFICAR<\/strong><\/p>\n<p>Esta bolsa apresenta-se de cor verde, permitindo a sua f\u00e1cil identifica\u00e7\u00e3o<\/p>\n","protected":false},"excerpt":{"rendered":"<p><img loading=\"lazy\" decoding=\"async\" class=\"alignnone size-medium wp-image-24265\" src=\"https:\/\/miliciapro.com\/wp-content\/uploads\/2020\/03\/MHF-21-06930-600x400.jpg\" alt=\"\" width=\"600\" height=\"400\" \/><\/p>\n","protected":false},"featured_media":31675,"comment_status":"open","ping_status":"closed","template":"","meta":{"_monsterinsights_skip_tracking":false,"_monsterinsights_sitenote_active":false,"_monsterinsights_sitenote_note":"","_monsterinsights_sitenote_category":0},"product_brand":[],"product_cat":[1066,830,829,1113],"product_tag":[525,185,205,700,296],"class_list":{"0":"post-31596","1":"product","2":"type-product","3":"status-publish","4":"has-post-thumbnail","6":"product_cat-medical","7":"product_cat-firsttactical","8":"product_cat-marcas","9":"product_cat-transporte-e-organizacao","10":"product_tag-inem","11":"product_tag-kit","12":"product_tag-mala","13":"product_tag-oxigenio","14":"product_tag-saco","16":"first","17":"instock","18":"shipping-taxable","19":"purchasable","20":"product-type-variable"},"aioseo_notices":[],"jetpack_sharing_enabled":true,"_links":{"self":[{"href":"https:\/\/milicia-pro.com\/index.php\/wp-json\/wp\/v2\/product\/31596","targetHints":{"allow":["GET"]}}],"collection":[{"href":"https:\/\/milicia-pro.com\/index.php\/wp-json\/wp\/v2\/product"}],"about":[{"href":"https:\/\/milicia-pro.com\/index.php\/wp-json\/wp\/v2\/types\/product"}],"replies":[{"embeddable":true,"href":"https:\/\/milicia-pro.com\/index.php\/wp-json\/wp\/v2\/comments?post=31596"}],"wp:featuredmedia":[{"embeddable":true,"href":"https:\/\/milicia-pro.com\/index.php\/wp-json\/wp\/v2\/media\/31675"}],"wp:attachment":[{"href":"https:\/\/milicia-pro.com\/index.php\/wp-json\/wp\/v2\/media?parent=31596"}],"wp:term":[{"taxonomy":"product_brand","embeddable":true,"href":"https:\/\/milicia-pro.com\/index.php\/wp-json\/wp\/v2\/product_brand?post=31596"},{"taxonomy":"product_cat","embeddable":true,"href":"https:\/\/milicia-pro.com\/index.php\/wp-json\/wp\/v2\/product_cat?post=31596"},{"taxonomy":"product_tag","embeddable":true,"href":"https:\/\/milicia-pro.com\/index.php\/wp-json\/wp\/v2\/product_tag?post=31596"}],"curies":[{"name":"wp","href":"https:\/\/api.w.org\/{rel}","templated":true}]}}