{"id":31406,"date":"2022-09-01T17:15:16","date_gmt":"2022-09-01T17:15:16","guid":{"rendered":"https:\/\/milicia-pro.com\/?post_type=product&#038;p=31406"},"modified":"2025-06-05T11:27:21","modified_gmt":"2025-06-05T11:27:21","slug":"mala-executive-roller","status":"publish","type":"product","link":"https:\/\/milicia-pro.com\/index.php\/product\/mala-executive-roller\/","title":{"rendered":"MALA EXECUTIVE ROLLER"},"content":{"rendered":"<p>A mala Executive Roller \u00e9 a ideal para o acompanhar numa viagem a\u00e9rea.<\/p>\n<p>Rodas robustas, pega para transporte em forma de telesc\u00f3pio, fechos principais de bloqueio que mant\u00eam o seu equipamento seguro.<\/p>\n<p>Amplo armazenamento, bolsos com uma expans\u00e3o de 5cm.<\/p>\n<p>Com a sua mala de executivo voc\u00ea est\u00e1 pronto para viajar.<\/p>\n<p>Em Nylon 1000D texturizado a ar com revestimento TPU, imperme\u00e1vel, bot\u00f5es de melamina de for\u00e7a industrial, rodas robustas, sistema de pega, extens\u00edvel, ficando a uma altura de cerca de 1m.<\/p>\n<p>Bolso exterior acolchoado, com uma dimens\u00e3o de 53cm x 35cm x 20cm.<\/p>\n<p>Al\u00e7a de transporte superior\/lateral.<\/p>\n<p><img loading=\"lazy\" decoding=\"async\" class=\"size-full wp-image-16916 alignleft\" src=\"https:\/\/miliciapro.com\/wp-content\/uploads\/2020\/03\/180052-10.png\" alt=\"\" width=\"206\" height=\"142\" \/><\/p>\n<p>&nbsp;<\/p>\n<p><strong>RODAS ROBUSTAS E LISAS<\/strong><\/p>\n<p>Rodas dur\u00e1veis, com cantos refor\u00e7ados para proteger enquanto circula em locais abrasivos.<\/p>\n<p>&nbsp;<\/p>\n<p>&nbsp;<\/p>\n<p>&nbsp;<\/p>\n<p><img loading=\"lazy\" decoding=\"async\" class=\"size-medium wp-image-16917 alignleft\" src=\"https:\/\/miliciapro.com\/wp-content\/uploads\/2020\/03\/180052-11.png\" alt=\"\" width=\"207\" height=\"149\" \/><\/p>\n<p>&nbsp;<\/p>\n<p><strong>INTERIOR PEQUENO MAS COM BOM ARMAZENAMENTO<\/strong><\/p>\n<p>N\u00e3o se deixe enganar pelo tamanho pequeno. A mala de executivo tem dois bolsos internos e dois bolsos externos com tiras de compress\u00e3o para ajustar e proteger o que transportar no seu interior.<\/p>\n<p>&nbsp;<\/p>\n<p><img loading=\"lazy\" decoding=\"async\" class=\"size-medium wp-image-16918 alignleft\" src=\"https:\/\/miliciapro.com\/wp-content\/uploads\/2020\/03\/180052-12.png\" alt=\"\" width=\"203\" height=\"140\" \/><\/p>\n<p>&nbsp;<\/p>\n<p><strong>BOLSO PARA IDENTIFICA\u00c7\u00c3O<\/strong><\/p>\n<p>Coloque o seu cart\u00e3o de identifica\u00e7\u00e3o ou at\u00e9 mesmo a sua foto para poder identificar a sua mala. Este bolso est\u00e1 personalizado com o logotipo da First Tactical.<\/p>\n","protected":false},"excerpt":{"rendered":"<p>A mala Executive Roller \u00e9 a ideal para o acompanhar numa viagem a\u00e9rea. Rodas robustas, pega para transporte em forma de telesc\u00f3pio, fechos principais de bloqueio que mant\u00eam o seu equipamento seguro. Amplo armazenamento, bolsos com uma expans\u00e3o de 5cm. Com a sua mala de executivo voc\u00ea est\u00e1 pronto para viajar. Em Nylon 1000D texturizado [&#8230;]\n","protected":false},"featured_media":31465,"comment_status":"open","ping_status":"closed","template":"","meta":{"_monsterinsights_skip_tracking":false,"_monsterinsights_sitenote_active":false,"_monsterinsights_sitenote_note":"","_monsterinsights_sitenote_category":0},"product_brand":[],"product_cat":[830,1341,829,1467],"product_tag":[696,205,364],"class_list":{"0":"post-31406","1":"product","2":"type-product","3":"status-publish","4":"has-post-thumbnail","6":"product_cat-firsttactical","7":"product_cat-mala","8":"product_cat-marcas","9":"product_cat-mochilas-bolsas","10":"product_tag-executivo","11":"product_tag-mala","12":"product_tag-viagem","14":"first","15":"instock","16":"shipping-taxable","17":"purchasable","18":"product-type-variable"},"aioseo_notices":[],"jetpack_sharing_enabled":true,"_links":{"self":[{"href":"https:\/\/milicia-pro.com\/index.php\/wp-json\/wp\/v2\/product\/31406","targetHints":{"allow":["GET"]}}],"collection":[{"href":"https:\/\/milicia-pro.com\/index.php\/wp-json\/wp\/v2\/product"}],"about":[{"href":"https:\/\/milicia-pro.com\/index.php\/wp-json\/wp\/v2\/types\/product"}],"replies":[{"embeddable":true,"href":"https:\/\/milicia-pro.com\/index.php\/wp-json\/wp\/v2\/comments?post=31406"}],"wp:featuredmedia":[{"embeddable":true,"href":"https:\/\/milicia-pro.com\/index.php\/wp-json\/wp\/v2\/media\/31465"}],"wp:attachment":[{"href":"https:\/\/milicia-pro.com\/index.php\/wp-json\/wp\/v2\/media?parent=31406"}],"wp:term":[{"taxonomy":"product_brand","embeddable":true,"href":"https:\/\/milicia-pro.com\/index.php\/wp-json\/wp\/v2\/product_brand?post=31406"},{"taxonomy":"product_cat","embeddable":true,"href":"https:\/\/milicia-pro.com\/index.php\/wp-json\/wp\/v2\/product_cat?post=31406"},{"taxonomy":"product_tag","embeddable":true,"href":"https:\/\/milicia-pro.com\/index.php\/wp-json\/wp\/v2\/product_tag?post=31406"}],"curies":[{"name":"wp","href":"https:\/\/api.w.org\/{rel}","templated":true}]}}