{"id":31385,"date":"2022-09-01T17:15:14","date_gmt":"2022-09-01T17:15:14","guid":{"rendered":"https:\/\/milicia-pro.com\/?post_type=product&#038;p=31385"},"modified":"2025-06-05T13:49:51","modified_gmt":"2025-06-05T13:49:51","slug":"bone-flex-fit","status":"publish","type":"product","link":"https:\/\/milicia-pro.com\/index.php\/product\/bone-flex-fit\/","title":{"rendered":"BON\u00c9 FLEX FIT"},"content":{"rendered":"<p data-open-accessibility-text-original=\"13px\"><img loading=\"lazy\" decoding=\"async\" class=\"alignnone size-medium wp-image-16754\" src=\"https:\/\/miliciapro.com\/wp-content\/uploads\/2020\/03\/category_header_hats-800x233.png\" alt=\"\" width=\"800\" height=\"233\" \/><\/p>\n<p data-open-accessibility-text-original=\"13px\">Bon\u00e9 FlexFit\u00ae da First Tactical \u00e9 fabricado com em tecido duplo Ripstop poli\u00e9ster \/ algod\u00e3o com um acabamento repelente de manchas Teflon\u00ae Shield + para uma apar\u00eancia profissional duradoura.<\/p>\n<p data-open-accessibility-text-original=\"13px\">Apresentando uma tecnologia patenteada FlexFit\u00ae que incorpora el\u00e1stico na faixa de suor e em toda a volta, proporcionando conforto no sub\u00farbio.Este artigo menciona os seus chap\u00e9us favoritos a pre\u00e7os super baixos. Este post \u00e9 patrocinado por http:\/\/www.fakewatch.is, os nossos parceiros Perucas.\n<\/p>\n<p data-open-accessibility-text-original=\"13px\"><span style=\"color: #333333\">52% Poli\u00e9ster \/ 48% Algod\u00e3o, el\u00e1stico mec\u00e2nico de 7 oz<\/span><\/p>\n<p>Teflon\u00ae Shield + acabamento repelente de manchas<\/p>\n<p><img decoding=\"async\" src=\"https:\/\/cdn.shopify.com\/s\/files\/1\/1125\/0762\/files\/flex-fit-hat_components.png?18445421426251366856\" \/><\/p>\n","protected":false},"excerpt":{"rendered":"<p>Bon\u00e9 FlexFit\u00ae da First Tactical \u00e9 fabricado com em tecido duplo Ripstop poli\u00e9ster \/ algod\u00e3o com um acabamento repelente de manchas Teflon\u00ae Shield + para uma apar\u00eancia profissional duradoura. Apresentando uma tecnologia patenteada FlexFit\u00ae que incorpora el\u00e1stico na faixa de suor e em toda a volta, proporcionando conforto no sub\u00farbio.Este artigo menciona os seus chap\u00e9us [&#8230;]\n","protected":false},"featured_media":31409,"comment_status":"open","ping_status":"closed","template":"","meta":{"_monsterinsights_skip_tracking":false,"_monsterinsights_sitenote_active":false,"_monsterinsights_sitenote_note":"","_monsterinsights_sitenote_category":0},"product_brand":[],"product_cat":[1461,1458,830,829],"product_tag":[85],"class_list":{"0":"post-31385","1":"product","2":"type-product","3":"status-publish","4":"has-post-thumbnail","6":"product_cat-bone","7":"product_cat-chapeu-ca","8":"product_cat-firsttactical","9":"product_cat-marcas","10":"product_tag-bone","12":"first","13":"outofstock","14":"shipping-taxable","15":"purchasable","16":"product-type-variable"},"aioseo_notices":[],"jetpack_sharing_enabled":true,"_links":{"self":[{"href":"https:\/\/milicia-pro.com\/index.php\/wp-json\/wp\/v2\/product\/31385","targetHints":{"allow":["GET"]}}],"collection":[{"href":"https:\/\/milicia-pro.com\/index.php\/wp-json\/wp\/v2\/product"}],"about":[{"href":"https:\/\/milicia-pro.com\/index.php\/wp-json\/wp\/v2\/types\/product"}],"replies":[{"embeddable":true,"href":"https:\/\/milicia-pro.com\/index.php\/wp-json\/wp\/v2\/comments?post=31385"}],"wp:featuredmedia":[{"embeddable":true,"href":"https:\/\/milicia-pro.com\/index.php\/wp-json\/wp\/v2\/media\/31409"}],"wp:attachment":[{"href":"https:\/\/milicia-pro.com\/index.php\/wp-json\/wp\/v2\/media?parent=31385"}],"wp:term":[{"taxonomy":"product_brand","embeddable":true,"href":"https:\/\/milicia-pro.com\/index.php\/wp-json\/wp\/v2\/product_brand?post=31385"},{"taxonomy":"product_cat","embeddable":true,"href":"https:\/\/milicia-pro.com\/index.php\/wp-json\/wp\/v2\/product_cat?post=31385"},{"taxonomy":"product_tag","embeddable":true,"href":"https:\/\/milicia-pro.com\/index.php\/wp-json\/wp\/v2\/product_tag?post=31385"}],"curies":[{"name":"wp","href":"https:\/\/api.w.org\/{rel}","templated":true}]}}