{"id":31159,"date":"2022-09-01T17:11:11","date_gmt":"2022-09-01T17:11:11","guid":{"rendered":"https:\/\/milicia-pro.com\/?post_type=product&#038;p=31159"},"modified":"2026-03-09T17:28:11","modified_gmt":"2026-03-09T17:28:11","slug":"bolsa-tactix-media-para-telemovel","status":"publish","type":"product","link":"https:\/\/milicia-pro.com\/index.php\/product\/bolsa-tactix-media-para-telemovel\/","title":{"rendered":"BOLSA TACTIX M\u00c9DIA PARA TELEM\u00d3VEL"},"content":{"rendered":"<p>Bolsa pr\u00f3pria, acolchoada para transportar o seu telem\u00f3vel. Medidas:6,3cm x 13,3cm x 1,9cm. Com a capacidade de 0,16litros. Nylon 50D com cerca 0,05Kg.<\/p>\n<p><iframe loading=\"lazy\" title=\"First Tactical&#039;s Tactix Series Media Pouch Collection\" width=\"1020\" height=\"574\" src=\"https:\/\/www.youtube.com\/embed\/UHMXu-begZ4?feature=oembed\" frameborder=\"0\" allow=\"accelerometer; autoplay; clipboard-write; encrypted-media; gyroscope; picture-in-picture; web-share\" referrerpolicy=\"strict-origin-when-cross-origin\" allowfullscreen><\/iframe><\/p>\n<p><img loading=\"lazy\" decoding=\"async\" class=\"size-full wp-image-16520 alignleft\" src=\"https:\/\/miliciapro.com\/wp-content\/uploads\/2020\/03\/180018-10.png\" alt=\"\" width=\"204\" height=\"142\" \/><\/p>\n<p>&nbsp;<\/p>\n<p><strong>PARA TELEM\u00d3VEIS DE TAMANHO M\u00c9DIO<\/strong><\/p>\n<p>Feito especificamente para telem\u00f3veis de tamanho m\u00e9dio<\/p>\n<p>&nbsp;<\/p>\n<p>&nbsp;<\/p>\n<p><img loading=\"lazy\" decoding=\"async\" class=\"size-medium wp-image-16521 alignleft\" src=\"https:\/\/miliciapro.com\/wp-content\/uploads\/2020\/03\/180018-11.png\" alt=\"\" width=\"206\" height=\"142\" \/><\/p>\n<p><strong>BOLSO T\u00c1TICO<\/strong><\/p>\n<p>Pequeno bolso, plano, protegido pelo sistema de fecho, pr\u00f3prio para coloca\u00e7\u00e3o de um cart\u00e3o-de-visita ou multibanco.<\/p>\n<p>&nbsp;<\/p>\n<p>&nbsp;<\/p>\n<p><img loading=\"lazy\" decoding=\"async\" class=\"size-medium wp-image-16522 alignleft\" src=\"https:\/\/miliciapro.com\/wp-content\/uploads\/2020\/03\/180018-12.png\" alt=\"\" width=\"211\" height=\"135\" \/><\/p>\n<p>&nbsp;<\/p>\n<p><strong>2 TIRAS NA PLATAFORMA TRASEIRA COM CORTE A LASER<\/strong><\/p>\n<p>Tiras na plataforma traseira compat\u00edveis com o sistema MOLLE\/PALS para manter seguro junto da sua mochila<\/p>\n","protected":false},"excerpt":{"rendered":"<p>Bolsa pr\u00f3pria, acolchoada para transportar o seu telem\u00f3vel. Medidas:6,3cm x 13,3cm x 1,9cm. Com a capacidade de 0,16litros. Nylon 50D com cerca 0,05Kg. &nbsp; PARA TELEM\u00d3VEIS DE TAMANHO M\u00c9DIO Feito especificamente para telem\u00f3veis de tamanho m\u00e9dio &nbsp; &nbsp; BOLSO T\u00c1TICO Pequeno bolso, plano, protegido pelo sistema de fecho, pr\u00f3prio para coloca\u00e7\u00e3o de um cart\u00e3o-de-visita ou [&#8230;]\n","protected":false},"featured_media":31162,"comment_status":"open","ping_status":"closed","template":"","meta":{"_monsterinsights_skip_tracking":false,"_monsterinsights_sitenote_active":false,"_monsterinsights_sitenote_note":"","_monsterinsights_sitenote_category":0},"product_brand":[],"product_cat":[1107,830,829,1467],"product_tag":[80,215,326,689],"class_list":{"0":"post-31159","1":"product","2":"type-product","3":"status-publish","4":"has-post-thumbnail","6":"product_cat-bolsas","7":"product_cat-firsttactical","8":"product_cat-marcas","9":"product_cat-mochilas-bolsas","10":"product_tag-bolsa","11":"product_tag-mochila","12":"product_tag-tatico","13":"product_tag-telemovel","15":"first","16":"instock","17":"shipping-taxable","18":"purchasable","19":"product-type-variable"},"aioseo_notices":[],"jetpack_sharing_enabled":true,"_links":{"self":[{"href":"https:\/\/milicia-pro.com\/index.php\/wp-json\/wp\/v2\/product\/31159","targetHints":{"allow":["GET"]}}],"collection":[{"href":"https:\/\/milicia-pro.com\/index.php\/wp-json\/wp\/v2\/product"}],"about":[{"href":"https:\/\/milicia-pro.com\/index.php\/wp-json\/wp\/v2\/types\/product"}],"replies":[{"embeddable":true,"href":"https:\/\/milicia-pro.com\/index.php\/wp-json\/wp\/v2\/comments?post=31159"}],"wp:featuredmedia":[{"embeddable":true,"href":"https:\/\/milicia-pro.com\/index.php\/wp-json\/wp\/v2\/media\/31162"}],"wp:attachment":[{"href":"https:\/\/milicia-pro.com\/index.php\/wp-json\/wp\/v2\/media?parent=31159"}],"wp:term":[{"taxonomy":"product_brand","embeddable":true,"href":"https:\/\/milicia-pro.com\/index.php\/wp-json\/wp\/v2\/product_brand?post=31159"},{"taxonomy":"product_cat","embeddable":true,"href":"https:\/\/milicia-pro.com\/index.php\/wp-json\/wp\/v2\/product_cat?post=31159"},{"taxonomy":"product_tag","embeddable":true,"href":"https:\/\/milicia-pro.com\/index.php\/wp-json\/wp\/v2\/product_tag?post=31159"}],"curies":[{"name":"wp","href":"https:\/\/api.w.org\/{rel}","templated":true}]}}