{"id":31062,"date":"2022-09-01T17:09:11","date_gmt":"2022-09-01T17:09:11","guid":{"rendered":"https:\/\/milicia-pro.com\/?post_type=product&#038;p=31062"},"modified":"2025-08-12T15:22:53","modified_gmt":"2025-08-12T15:22:53","slug":"bolsa-tactix-media-lg","status":"publish","type":"product","link":"https:\/\/milicia-pro.com\/index.php\/product\/bolsa-tactix-media-lg\/","title":{"rendered":"BOLSA TACTIX MEDIA (LG)"},"content":{"rendered":"<p>Bolsa pr\u00f3pria, acolchoada para transportar o seu telem\u00f3vel.<\/p>\n<p>Medidas: 7,6cm x 15,9cm x 2,5cm.<\/p>\n<p>Capacidade de 0,3litros. Nylon 500D com cerca de 0,07Kg.<\/p>\n<p><iframe loading=\"lazy\" title=\"First Tactical&#039;s Tactix Series Media Pouch Collection\" width=\"1020\" height=\"574\" src=\"https:\/\/www.youtube.com\/embed\/UHMXu-begZ4?feature=oembed\" frameborder=\"0\" allow=\"accelerometer; autoplay; clipboard-write; encrypted-media; gyroscope; picture-in-picture; web-share\" referrerpolicy=\"strict-origin-when-cross-origin\" allowfullscreen><\/iframe><\/p>\n<p><img loading=\"lazy\" decoding=\"async\" class=\"size-full wp-image-16473 alignleft\" src=\"https:\/\/miliciapro.com\/wp-content\/uploads\/2020\/03\/180017-10.png\" alt=\"\" width=\"204\" height=\"142\" \/><\/p>\n<p>&nbsp;<\/p>\n<p><strong>PARA GRANDES TELEM\u00d3VEIS<\/strong><\/p>\n<p>Feito especificamente para transportar telem\u00f3veis de maiores dimens\u00f5es.<\/p>\n<p>&nbsp;<\/p>\n<p>&nbsp;<\/p>\n<p><img loading=\"lazy\" decoding=\"async\" class=\"size-medium wp-image-16474 alignleft\" src=\"https:\/\/miliciapro.com\/wp-content\/uploads\/2020\/03\/180017-11.png\" alt=\"\" width=\"206\" height=\"142\" \/><\/p>\n<p><strong>BOLSO\u00a0<\/strong><span style=\"font-size: 14.4px\"><b>T\u00c1CTICO<\/b><\/span><\/p>\n<p>Pequeno bolso, plano, protegido pelo sistema de fecho, pr\u00f3prio para coloca\u00e7\u00e3o de um cart\u00e3o-de-visita ou multibanco.<\/p>\n<p>&nbsp;<\/p>\n<p>&nbsp;<\/p>\n<p>&nbsp;<\/p>\n<p><img loading=\"lazy\" decoding=\"async\" class=\"size-medium wp-image-16475 alignleft\" src=\"https:\/\/miliciapro.com\/wp-content\/uploads\/2020\/03\/180017-12.png\" alt=\"\" width=\"211\" height=\"135\" \/><\/p>\n<p>&nbsp;<\/p>\n<p><strong>2 TIRAS NA PLATAFORMA TRASEIRA COM CORTE A LASER<\/strong><\/p>\n<p>2 Tiras na plataforma traseira compat\u00edveis com o sistema MOLLE\/PALS para manter seguro junto da sua mochila<\/p>\n","protected":false},"excerpt":{"rendered":"<p>Bolsa pr\u00f3pria, acolchoada para transportar o seu telem\u00f3vel. Medidas: 7,6cm x 15,9cm x 2,5cm. Capacidade de 0,3litros. Nylon 500D com cerca de 0,07Kg. &nbsp; PARA GRANDES TELEM\u00d3VEIS Feito especificamente para transportar telem\u00f3veis de maiores dimens\u00f5es. &nbsp; &nbsp; BOLSO\u00a0T\u00c1CTICO Pequeno bolso, plano, protegido pelo sistema de fecho, pr\u00f3prio para coloca\u00e7\u00e3o de um cart\u00e3o-de-visita ou multibanco. &nbsp; [&#8230;]\n","protected":false},"featured_media":31134,"comment_status":"open","ping_status":"closed","template":"","meta":{"_monsterinsights_skip_tracking":false,"_monsterinsights_sitenote_active":false,"_monsterinsights_sitenote_note":"","_monsterinsights_sitenote_category":0},"product_brand":[],"product_cat":[1107,830,829,1467],"product_tag":[80,215,326,689],"class_list":{"0":"post-31062","1":"product","2":"type-product","3":"status-publish","4":"has-post-thumbnail","6":"product_cat-bolsas","7":"product_cat-firsttactical","8":"product_cat-marcas","9":"product_cat-mochilas-bolsas","10":"product_tag-bolsa","11":"product_tag-mochila","12":"product_tag-tatico","13":"product_tag-telemovel","15":"first","16":"instock","17":"shipping-taxable","18":"purchasable","19":"product-type-variable"},"aioseo_notices":[],"jetpack_sharing_enabled":true,"_links":{"self":[{"href":"https:\/\/milicia-pro.com\/index.php\/wp-json\/wp\/v2\/product\/31062","targetHints":{"allow":["GET"]}}],"collection":[{"href":"https:\/\/milicia-pro.com\/index.php\/wp-json\/wp\/v2\/product"}],"about":[{"href":"https:\/\/milicia-pro.com\/index.php\/wp-json\/wp\/v2\/types\/product"}],"replies":[{"embeddable":true,"href":"https:\/\/milicia-pro.com\/index.php\/wp-json\/wp\/v2\/comments?post=31062"}],"wp:featuredmedia":[{"embeddable":true,"href":"https:\/\/milicia-pro.com\/index.php\/wp-json\/wp\/v2\/media\/31134"}],"wp:attachment":[{"href":"https:\/\/milicia-pro.com\/index.php\/wp-json\/wp\/v2\/media?parent=31062"}],"wp:term":[{"taxonomy":"product_brand","embeddable":true,"href":"https:\/\/milicia-pro.com\/index.php\/wp-json\/wp\/v2\/product_brand?post=31062"},{"taxonomy":"product_cat","embeddable":true,"href":"https:\/\/milicia-pro.com\/index.php\/wp-json\/wp\/v2\/product_cat?post=31062"},{"taxonomy":"product_tag","embeddable":true,"href":"https:\/\/milicia-pro.com\/index.php\/wp-json\/wp\/v2\/product_tag?post=31062"}],"curies":[{"name":"wp","href":"https:\/\/api.w.org\/{rel}","templated":true}]}}