{"id":31061,"date":"2022-09-01T17:09:10","date_gmt":"2022-09-01T17:09:10","guid":{"rendered":"https:\/\/milicia-pro.com\/?post_type=product&#038;p=31061"},"modified":"2025-07-24T15:53:46","modified_gmt":"2025-07-24T15:53:46","slug":"t-shirt-performance-de-treino","status":"publish","type":"product","link":"https:\/\/milicia-pro.com\/index.php\/product\/t-shirt-performance-de-treino\/","title":{"rendered":"T-SHIRT PERFORMANCE DE TREINO"},"content":{"rendered":"<p><img loading=\"lazy\" decoding=\"async\" class=\"alignnone size-medium wp-image-16432\" src=\"https:\/\/miliciapro.com\/wp-content\/uploads\/2020\/03\/IR1A1251-600x400.jpg\" alt=\"\" width=\"600\" height=\"400\" \/><\/p>\n<p>&nbsp;<\/p>\n<p data-open-accessibility-text-original=\"13px\">T-shirt <span style=\"font-size: 14.4px\">t\u00e1ctica<\/span>\u00a0especial para treino, apenas dispon\u00edvel em manga curta.<\/p>\n<p data-open-accessibility-text-original=\"13px\">Tecido 100% Poli\u00e9ster resiste ao <span style=\"font-size: 14.4px\">desgaste do dia a dia<\/span>, n\u00e3o desbota, n\u00e3o encolhe, mantendo uma <span style=\"font-size: 14.4px\">\u00f3ptima<\/span>\u00a0apar\u00eancia que se mant\u00e9m em todas as condi\u00e7\u00f5es.<\/p>\n<p data-open-accessibility-text-original=\"13px\">Tratamento anti-microbiano.<\/p>\n<h4 data-open-accessibility-text-original=\"16px\"><\/h4>\n<p data-open-accessibility-text-original=\"13px\"><img decoding=\"async\" src=\"https:\/\/cdn.shopify.com\/s\/files\/1\/1125\/0762\/files\/mens-performance-short-sleeve-t-shirt_components.png?16652101964625708102\" \/><\/p>\n","protected":false},"excerpt":{"rendered":"<p>&nbsp; T-shirt t\u00e1ctica\u00a0especial para treino, apenas dispon\u00edvel em manga curta. Tecido 100% Poli\u00e9ster resiste ao desgaste do dia a dia, n\u00e3o desbota, n\u00e3o encolhe, mantendo uma \u00f3ptima\u00a0apar\u00eancia que se mant\u00e9m em todas as condi\u00e7\u00f5es. Tratamento anti-microbiano.<\/p>\n","protected":false},"featured_media":31114,"comment_status":"open","ping_status":"closed","template":"","meta":{"_monsterinsights_skip_tracking":false,"_monsterinsights_sitenote_active":false,"_monsterinsights_sitenote_note":"","_monsterinsights_sitenote_category":0},"product_brand":[],"product_cat":[830,829,1082,1063],"product_tag":[318],"class_list":{"0":"post-31061","1":"product","2":"type-product","3":"status-publish","4":"has-post-thumbnail","6":"product_cat-firsttactical","7":"product_cat-marcas","8":"product_cat-tshirt","9":"product_cat-vestuario","10":"product_tag-tshirt","12":"first","13":"instock","14":"shipping-taxable","15":"purchasable","16":"product-type-variable"},"aioseo_notices":[],"jetpack_sharing_enabled":true,"_links":{"self":[{"href":"https:\/\/milicia-pro.com\/index.php\/wp-json\/wp\/v2\/product\/31061","targetHints":{"allow":["GET"]}}],"collection":[{"href":"https:\/\/milicia-pro.com\/index.php\/wp-json\/wp\/v2\/product"}],"about":[{"href":"https:\/\/milicia-pro.com\/index.php\/wp-json\/wp\/v2\/types\/product"}],"replies":[{"embeddable":true,"href":"https:\/\/milicia-pro.com\/index.php\/wp-json\/wp\/v2\/comments?post=31061"}],"wp:featuredmedia":[{"embeddable":true,"href":"https:\/\/milicia-pro.com\/index.php\/wp-json\/wp\/v2\/media\/31114"}],"wp:attachment":[{"href":"https:\/\/milicia-pro.com\/index.php\/wp-json\/wp\/v2\/media?parent=31061"}],"wp:term":[{"taxonomy":"product_brand","embeddable":true,"href":"https:\/\/milicia-pro.com\/index.php\/wp-json\/wp\/v2\/product_brand?post=31061"},{"taxonomy":"product_cat","embeddable":true,"href":"https:\/\/milicia-pro.com\/index.php\/wp-json\/wp\/v2\/product_cat?post=31061"},{"taxonomy":"product_tag","embeddable":true,"href":"https:\/\/milicia-pro.com\/index.php\/wp-json\/wp\/v2\/product_tag?post=31061"}],"curies":[{"name":"wp","href":"https:\/\/api.w.org\/{rel}","templated":true}]}}