{"id":30997,"date":"2022-09-01T17:08:06","date_gmt":"2022-09-01T17:08:06","guid":{"rendered":"https:\/\/milicia-pro.com\/?post_type=product&#038;p=30997"},"modified":"2025-07-27T13:41:57","modified_gmt":"2025-07-27T13:41:57","slug":"cotoveleira-defender","status":"publish","type":"product","link":"https:\/\/milicia-pro.com\/index.php\/product\/cotoveleira-defender\/","title":{"rendered":"COTOVELEIRA DEFENDER"},"content":{"rendered":"<ul>\n<li data-open-accessibility-text-original=\"14px\">Constru\u00e7\u00e3o de dupla densidade<\/li>\n<li data-open-accessibility-text-original=\"14px\">Espuma moldada por compress\u00e3o SBR\/EVA<\/li>\n<li data-open-accessibility-text-original=\"14px\">Vendidas aos pares<\/li>\n<li data-open-accessibility-text-original=\"14px\">Encaixa nas camisas First Tactical com bolsos nos cotovelos<\/li>\n<li data-open-accessibility-text-original=\"14px\">Forma 3D de impacto geom\u00e9trico<\/li>\n<li data-open-accessibility-text-original=\"14px\">Tecido de malha exterior texturizado<\/li>\n<li data-open-accessibility-text-original=\"14px\">Protec\u00e7\u00e3o contra a transpira\u00e7\u00e3o e o odores\u00a0indesejados<\/li>\n<\/ul>\n<p><b>PROTEC\u00c7\u00c3O<\/b><strong>\u00a0DE DUAS CAMADAS<\/strong><\/p>\n<h3 data-open-accessibility-text-original=\"25px\"><img decoding=\"async\" src=\"https:\/\/cdn.shopify.com\/s\/files\/1\/1125\/0762\/files\/defender-elbow-pad_features1.jpg?2242570236578236184\" \/><\/h3>\n<h4 data-open-accessibility-text-original=\"16px\"><strong>FORMA 3D<\/strong><\/h4>\n<p data-open-accessibility-text-original=\"13px\">Concebida para n\u00e3o interferir nos seus movimentos<\/p>\n<p data-open-accessibility-text-original=\"13px\"><img decoding=\"async\" src=\"https:\/\/cdn.shopify.com\/s\/files\/1\/1125\/0762\/files\/defender-elbow-pad_features2.jpg?2242570236578236184\" \/><\/p>\n<p>&nbsp;<\/p>\n<p><img decoding=\"async\" src=\"https:\/\/cdn.shopify.com\/s\/files\/1\/1125\/0762\/files\/Defender-elbow-pads_component.png?2242570236578236184\" \/><\/p>\n","protected":false},"excerpt":{"rendered":"<p>Constru\u00e7\u00e3o de dupla densidade Espuma moldada por compress\u00e3o SBR\/EVA Vendidas aos pares Encaixa nas camisas First Tactical com bolsos nos cotovelos Forma 3D de impacto geom\u00e9trico Tecido de malha exterior texturizado Protec\u00e7\u00e3o contra a transpira\u00e7\u00e3o e o odores\u00a0indesejados PROTEC\u00c7\u00c3O\u00a0DE DUAS CAMADAS FORMA 3D Concebida para n\u00e3o interferir nos seus movimentos &nbsp;<\/p>\n","protected":false},"featured_media":29471,"comment_status":"open","ping_status":"closed","template":"","meta":{"_monsterinsights_skip_tracking":false,"_monsterinsights_sitenote_active":false,"_monsterinsights_sitenote_note":"","_monsterinsights_sitenote_category":0},"product_brand":[],"product_cat":[1091,1064,830,829],"product_tag":[],"class_list":{"0":"post-30997","1":"product","2":"type-product","3":"status-publish","4":"has-post-thumbnail","6":"product_cat-cotoveleirajoelheira","7":"product_cat-equipamentotatico","8":"product_cat-firsttactical","9":"product_cat-marcas","11":"first","12":"instock","13":"shipping-taxable","14":"purchasable","15":"product-type-variable"},"aioseo_notices":[],"jetpack_sharing_enabled":true,"_links":{"self":[{"href":"https:\/\/milicia-pro.com\/index.php\/wp-json\/wp\/v2\/product\/30997","targetHints":{"allow":["GET"]}}],"collection":[{"href":"https:\/\/milicia-pro.com\/index.php\/wp-json\/wp\/v2\/product"}],"about":[{"href":"https:\/\/milicia-pro.com\/index.php\/wp-json\/wp\/v2\/types\/product"}],"replies":[{"embeddable":true,"href":"https:\/\/milicia-pro.com\/index.php\/wp-json\/wp\/v2\/comments?post=30997"}],"wp:featuredmedia":[{"embeddable":true,"href":"https:\/\/milicia-pro.com\/index.php\/wp-json\/wp\/v2\/media\/29471"}],"wp:attachment":[{"href":"https:\/\/milicia-pro.com\/index.php\/wp-json\/wp\/v2\/media?parent=30997"}],"wp:term":[{"taxonomy":"product_brand","embeddable":true,"href":"https:\/\/milicia-pro.com\/index.php\/wp-json\/wp\/v2\/product_brand?post=30997"},{"taxonomy":"product_cat","embeddable":true,"href":"https:\/\/milicia-pro.com\/index.php\/wp-json\/wp\/v2\/product_cat?post=30997"},{"taxonomy":"product_tag","embeddable":true,"href":"https:\/\/milicia-pro.com\/index.php\/wp-json\/wp\/v2\/product_tag?post=30997"}],"curies":[{"name":"wp","href":"https:\/\/api.w.org\/{rel}","templated":true}]}}