{"id":30995,"date":"2022-09-01T17:08:06","date_gmt":"2022-09-01T17:08:06","guid":{"rendered":"https:\/\/milicia-pro.com\/?post_type=product&#038;p=30995"},"modified":"2025-07-29T11:30:01","modified_gmt":"2025-07-29T11:30:01","slug":"camisa-bdu-v2-homem-manga-comprida","status":"publish","type":"product","link":"https:\/\/milicia-pro.com\/index.php\/product\/camisa-bdu-v2-homem-manga-comprida\/","title":{"rendered":"CAMISA BDU V2 HOMEM- MANGA COMPRIDA"},"content":{"rendered":"<p><img loading=\"lazy\" decoding=\"async\" class=\"alignnone size-medium wp-image-15460\" src=\"https:\/\/miliciapro.com\/wp-content\/uploads\/2020\/03\/UNADJUSTEDNONRAW_thumb_23-267x400.jpg\" alt=\"\" width=\"267\" height=\"400\" \/><\/p>\n<p>As camisas BDU V2 representam anos de pesquisa, desenvolvimento e contribui\u00e7\u00e3o dos utilizadores para fornecer a melhor camisa\u00a0 orientada para o desempenho, para lidar em qualquer situa\u00e7\u00e3o.<\/p>\n<p>Bolsos embutidos com abas refor\u00e7adas proporcionando uma apar\u00eancia elegante, limpa e profissional<\/p>\n<p>Costuras refor\u00e7adas nos pontos de maior press\u00e3o fornecendo uma flexibilidade m\u00e1xima n\u00e3o interferindo nos movimentos, m\u00e1ximo em conforto, profissionalismo e durabilidade<\/p>\n<p>Protec\u00e7\u00e3o da cor at\u00e9 50 lavagens<\/p>\n<div style=\"width: 1020px;\" class=\"wp-video\"><video class=\"wp-video-shortcode\" id=\"video-30995-1\" width=\"1020\" height=\"574\" preload=\"metadata\" controls=\"controls\"><source type=\"video\/mp4\" src=\"https:\/\/miliciapro.com\/wp-content\/uploads\/2020\/03\/111008-v2-BDU-shirt-black.mp4?_=1\" \/><a href=\"https:\/\/miliciapro.com\/wp-content\/uploads\/2020\/03\/111008-v2-BDU-shirt-black.mp4\">https:\/\/miliciapro.com\/wp-content\/uploads\/2020\/03\/111008-v2-BDU-shirt-black.mp4<\/a><\/video><\/div>\n","protected":false},"excerpt":{"rendered":"<p>As camisas BDU V2 representam anos de pesquisa, desenvolvimento e contribui\u00e7\u00e3o dos utilizadores para fornecer a melhor camisa\u00a0 orientada para o desempenho, para lidar em qualquer situa\u00e7\u00e3o. Bolsos embutidos com abas refor\u00e7adas proporcionando uma apar\u00eancia elegante, limpa e profissional Costuras refor\u00e7adas nos pontos de maior press\u00e3o fornecendo uma flexibilidade m\u00e1xima n\u00e3o interferindo nos movimentos, m\u00e1ximo [&#8230;]\n","protected":false},"featured_media":29446,"comment_status":"open","ping_status":"closed","template":"","meta":{"_monsterinsights_skip_tracking":false,"_monsterinsights_sitenote_active":false,"_monsterinsights_sitenote_note":"","_monsterinsights_sitenote_category":0},"product_brand":[],"product_cat":[1081,830,829,1063],"product_tag":[93,169,528],"class_list":{"0":"post-30995","1":"product","2":"type-product","3":"status-publish","4":"has-post-thumbnail","6":"product_cat-camisa","7":"product_cat-firsttactical","8":"product_cat-marcas","9":"product_cat-vestuario","10":"product_tag-camisa","11":"product_tag-homem","12":"product_tag-manga-comprida","14":"first","15":"instock","16":"shipping-taxable","17":"purchasable","18":"product-type-variable"},"aioseo_notices":[],"jetpack_sharing_enabled":true,"_links":{"self":[{"href":"https:\/\/milicia-pro.com\/index.php\/wp-json\/wp\/v2\/product\/30995","targetHints":{"allow":["GET"]}}],"collection":[{"href":"https:\/\/milicia-pro.com\/index.php\/wp-json\/wp\/v2\/product"}],"about":[{"href":"https:\/\/milicia-pro.com\/index.php\/wp-json\/wp\/v2\/types\/product"}],"replies":[{"embeddable":true,"href":"https:\/\/milicia-pro.com\/index.php\/wp-json\/wp\/v2\/comments?post=30995"}],"wp:featuredmedia":[{"embeddable":true,"href":"https:\/\/milicia-pro.com\/index.php\/wp-json\/wp\/v2\/media\/29446"}],"wp:attachment":[{"href":"https:\/\/milicia-pro.com\/index.php\/wp-json\/wp\/v2\/media?parent=30995"}],"wp:term":[{"taxonomy":"product_brand","embeddable":true,"href":"https:\/\/milicia-pro.com\/index.php\/wp-json\/wp\/v2\/product_brand?post=30995"},{"taxonomy":"product_cat","embeddable":true,"href":"https:\/\/milicia-pro.com\/index.php\/wp-json\/wp\/v2\/product_cat?post=30995"},{"taxonomy":"product_tag","embeddable":true,"href":"https:\/\/milicia-pro.com\/index.php\/wp-json\/wp\/v2\/product_tag?post=30995"}],"curies":[{"name":"wp","href":"https:\/\/api.w.org\/{rel}","templated":true}]}}