{"id":30987,"date":"2022-09-01T17:07:55","date_gmt":"2022-09-01T17:07:55","guid":{"rendered":"https:\/\/milicia-pro.com\/?post_type=product&#038;p=30987"},"modified":"2026-05-08T14:29:59","modified_gmt":"2026-05-08T14:29:59","slug":"calcas-v2-bdu-homem","status":"publish","type":"product","link":"https:\/\/milicia-pro.com\/index.php\/product\/calcas-v2-bdu-homem\/","title":{"rendered":"CAL\u00c7AS V2 BDU &#8211; HOMEM"},"content":{"rendered":"<div style=\"width: 1020px;\" class=\"wp-video\"><video class=\"wp-video-shortcode\" id=\"video-30987-1\" width=\"1020\" height=\"574\" preload=\"metadata\" controls=\"controls\"><source type=\"video\/mp4\" src=\"https:\/\/milicia-pro.com\/wp-content\/uploads\/2022\/09\/First-Tacticals-Specialist-BDU-Pants.mp4?_=1\" \/><a href=\"https:\/\/milicia-pro.com\/wp-content\/uploads\/2022\/09\/First-Tacticals-Specialist-BDU-Pants.mp4\">https:\/\/milicia-pro.com\/wp-content\/uploads\/2022\/09\/First-Tacticals-Specialist-BDU-Pants.mp4<\/a><\/video><\/div>\n<p>As cal\u00e7as V2 BDU\u00a0 da First Tactical foram constru\u00eddas para lidar com qualquer miss\u00e3o, mantendo a apar\u00eancia profissional necess\u00e1ria.<\/p>\n<p>Bolsos especializados, em tecido ventilado,\u00a0 possuem amplo espa\u00e7o para equipamentos de grandes dimens\u00f5es, revistas e todos os outros equipamentos, s\u00e3o 28 bolsos no total.<\/p>\n<p>O seu tecido leve torna essas cal\u00e7as ideais para o clima quente e n\u00e3o impede os seus movimentos.<\/p>\n<h4 data-open-accessibility-text-original=\"16px\"><strong>TECIDO<\/strong><\/h4>\n<p data-open-accessibility-text-original=\"13px\">52% poli\u00e9ster \/ 48% algod\u00e3o com tecido de ripstop duplo, tratamento Teflon\u00ae Shield + repelente de manchas .<\/p>\n<p data-open-accessibility-text-original=\"13px\"><img decoding=\"async\" src=\"https:\/\/cdn.shopify.com\/s\/files\/1\/1125\/0762\/files\/mens_velocity_bdu_1.png?v=15158175901060534961\" \/><\/p>\n<h4 data-open-accessibility-text-original=\"16px\"><strong>CINTURA EL\u00c1STICA<\/strong><\/h4>\n<p data-open-accessibility-text-original=\"13px\">A cintura el\u00e1stica proporcionam conforto durante todo o seu turno.<\/p>\n<p data-open-accessibility-text-original=\"13px\"><img decoding=\"async\" src=\"https:\/\/cdn.shopify.com\/s\/files\/1\/1125\/0762\/files\/mens_velocity_bdu_2.png?v=14911405183135720026\" \/><\/p>\n<h4 data-open-accessibility-text-original=\"16px\"><strong>BOLSOS<\/strong><\/h4>\n<p data-open-accessibility-text-original=\"13px\">Os bolsos apresentam costuras refor\u00e7adas que permitem manter uma apar\u00eancia profissional durante toda a vida \u00fatil do produto. Os bolsos s\u00e3o lisos contendo um refor\u00e7o na parte inferior garantindo uma apar\u00eancia profissional e proporcionando espa\u00e7o para todos os equipamentos essenciais.<\/p>\n","protected":false},"excerpt":{"rendered":"<p>As cal\u00e7as V2 BDU\u00a0 da First Tactical foram constru\u00eddas para lidar com qualquer miss\u00e3o, mantendo a apar\u00eancia profissional necess\u00e1ria. Bolsos especializados, em tecido ventilado,\u00a0 possuem amplo espa\u00e7o para equipamentos de grandes dimens\u00f5es, revistas e todos os outros equipamentos, s\u00e3o 28 bolsos no total. O seu tecido leve torna essas cal\u00e7as ideais para o clima quente [&#8230;]\n","protected":false},"featured_media":30101,"comment_status":"open","ping_status":"closed","template":"","meta":{"_monsterinsights_skip_tracking":false,"_monsterinsights_sitenote_active":false,"_monsterinsights_sitenote_note":"","_monsterinsights_sitenote_category":0},"product_brand":[],"product_cat":[1078,830,829,1063],"product_tag":[90,322],"class_list":{"0":"post-30987","1":"product","2":"type-product","3":"status-publish","4":"has-post-thumbnail","6":"product_cat-calcas","7":"product_cat-firsttactical","8":"product_cat-marcas","9":"product_cat-vestuario","10":"product_tag-calca","11":"product_tag-tactica","13":"first","14":"instock","15":"shipping-taxable","16":"purchasable","17":"product-type-variable"},"aioseo_notices":[],"jetpack_sharing_enabled":true,"_links":{"self":[{"href":"https:\/\/milicia-pro.com\/index.php\/wp-json\/wp\/v2\/product\/30987","targetHints":{"allow":["GET"]}}],"collection":[{"href":"https:\/\/milicia-pro.com\/index.php\/wp-json\/wp\/v2\/product"}],"about":[{"href":"https:\/\/milicia-pro.com\/index.php\/wp-json\/wp\/v2\/types\/product"}],"replies":[{"embeddable":true,"href":"https:\/\/milicia-pro.com\/index.php\/wp-json\/wp\/v2\/comments?post=30987"}],"wp:featuredmedia":[{"embeddable":true,"href":"https:\/\/milicia-pro.com\/index.php\/wp-json\/wp\/v2\/media\/30101"}],"wp:attachment":[{"href":"https:\/\/milicia-pro.com\/index.php\/wp-json\/wp\/v2\/media?parent=30987"}],"wp:term":[{"taxonomy":"product_brand","embeddable":true,"href":"https:\/\/milicia-pro.com\/index.php\/wp-json\/wp\/v2\/product_brand?post=30987"},{"taxonomy":"product_cat","embeddable":true,"href":"https:\/\/milicia-pro.com\/index.php\/wp-json\/wp\/v2\/product_cat?post=30987"},{"taxonomy":"product_tag","embeddable":true,"href":"https:\/\/milicia-pro.com\/index.php\/wp-json\/wp\/v2\/product_tag?post=30987"}],"curies":[{"name":"wp","href":"https:\/\/api.w.org\/{rel}","templated":true}]}}