{"id":30952,"date":"2022-09-01T17:07:34","date_gmt":"2022-09-01T17:07:34","guid":{"rendered":"https:\/\/milicia-pro.com\/?post_type=product&#038;p=30952"},"modified":"2026-02-18T17:36:18","modified_gmt":"2026-02-18T17:36:18","slug":"mochila-specialist-para-24-horas","status":"publish","type":"product","link":"https:\/\/milicia-pro.com\/index.php\/product\/mochila-specialist-para-24-horas\/","title":{"rendered":"MOCHILA SPECIALIST PARA 24 HORAS"},"content":{"rendered":"<p>As al\u00e7as da mochila s\u00e3o de dupla densidade, fundo de dupla camada, plataforma externa da Web compat\u00edvel com o sistema MOLLE\/PALS. Possui um amplo espa\u00e7o para guardar o equipamento essencial, com o novo sistema Hook and Hang Thru da First Tactical, a mochila Specialist para 24 horas \u00e9 a ideal para miss\u00f5es curtas e noturnas. Medidas: 30,5cm x 46,0cm x 20,3cm. Capacidade para 36 litros. Bolsos: 5 externos e 3 internos. Nylon 1000D imperme\u00e1vel. Fechos YKK Hardware Duraflex.<\/p>\n<p><iframe loading=\"lazy\" title=\"First Tactical&#039;s Specialist One Day Backpack\" width=\"1020\" height=\"574\" src=\"https:\/\/www.youtube.com\/embed\/wShdcHLEVgo?feature=oembed\" frameborder=\"0\" allow=\"accelerometer; autoplay; clipboard-write; encrypted-media; gyroscope; picture-in-picture; web-share\" referrerpolicy=\"strict-origin-when-cross-origin\" allowfullscreen><\/iframe><\/p>\n<p><img loading=\"lazy\" decoding=\"async\" class=\"size-full wp-image-15097 alignleft\" src=\"https:\/\/miliciapro.com\/wp-content\/uploads\/2020\/03\/180006-10.png\" alt=\"\" width=\"202\" height=\"140\" \/><\/p>\n<p><strong>TIRAS DE COMPRESS\u00c3O REPOSICION\u00c1VEIS\/<\/strong><b>SUBSTITU\u00cdVEIS<\/b><\/p>\n<p>Estas correias s\u00e3o totalmente reposicion\u00e1veis ou remov\u00edveis permitindo que o seu utilizador personalize a sua mochila, atendendo assim as suas necessidades.<\/p>\n<p>&nbsp;<\/p>\n<p>&nbsp;<\/p>\n<p><img loading=\"lazy\" decoding=\"async\" class=\"size-full wp-image-15098 alignleft\" src=\"https:\/\/miliciapro.com\/wp-content\/uploads\/2020\/03\/180006-11.png\" alt=\"\" width=\"206\" height=\"143\" \/><\/p>\n<p><strong>SISTEMA FIRST TACTICAL HOOK AND HANG THRU<\/strong><\/p>\n<p>Tem um inovador compartimento com sistema de seguran\u00e7a que abre com fechos na parte superior e inferior da mochila de capacidade de meio-dia, permitindo que itens especializados, como a bolsa para arma de cano longo da FIRST TACTICAL, ou at\u00e9 mesmo outro equipamento de grandes dimens\u00f5es, seja agregado e pendurado com seguran\u00e7a.<\/p>\n<p>&nbsp;<\/p>\n<p><img loading=\"lazy\" decoding=\"async\" class=\"size-full wp-image-15099 alignleft\" src=\"https:\/\/miliciapro.com\/wp-content\/uploads\/2020\/03\/180006-12.png\" alt=\"\" width=\"201\" height=\"144\" \/><\/p>\n<p><strong>MAIOR ORGANIZA\u00c7\u00c3O DO COMPARTIMENTO PRINCIPAL<\/strong><\/p>\n<p>O compartimento principal tem uma bolsa de malha \u00fanica e 2 bolsos internos, proporcionando espa\u00e7o ideal para acondicionar tudo o que precisa para meio-dia de operacionalidade.<\/p>\n","protected":false},"excerpt":{"rendered":"<p>As al\u00e7as da mochila s\u00e3o de dupla densidade, fundo de dupla camada, plataforma externa da Web compat\u00edvel com o sistema MOLLE\/PALS. Possui um amplo espa\u00e7o para guardar o equipamento essencial, com o novo sistema Hook and Hang Thru da First Tactical, a mochila Specialist para 24 horas \u00e9 a ideal para miss\u00f5es curtas e noturnas. [&#8230;]\n","protected":false},"featured_media":30061,"comment_status":"open","ping_status":"closed","template":"","meta":{"_monsterinsights_skip_tracking":false,"_monsterinsights_sitenote_active":false,"_monsterinsights_sitenote_note":"","_monsterinsights_sitenote_category":0},"product_brand":[1509],"product_cat":[830,1106,1467],"product_tag":[580,572,215],"class_list":{"0":"post-30952","1":"product","2":"type-product","3":"status-publish","4":"has-post-thumbnail","6":"product_brand-first-tactical","7":"product_cat-firsttactical","8":"product_cat-mochilas","9":"product_cat-mochilas-bolsas","10":"product_tag-24-horas","11":"product_tag-caminhada","12":"product_tag-mochila","14":"first","15":"instock","16":"shipping-taxable","17":"purchasable","18":"product-type-variable"},"aioseo_notices":[],"jetpack_sharing_enabled":true,"_links":{"self":[{"href":"https:\/\/milicia-pro.com\/index.php\/wp-json\/wp\/v2\/product\/30952","targetHints":{"allow":["GET"]}}],"collection":[{"href":"https:\/\/milicia-pro.com\/index.php\/wp-json\/wp\/v2\/product"}],"about":[{"href":"https:\/\/milicia-pro.com\/index.php\/wp-json\/wp\/v2\/types\/product"}],"replies":[{"embeddable":true,"href":"https:\/\/milicia-pro.com\/index.php\/wp-json\/wp\/v2\/comments?post=30952"}],"wp:featuredmedia":[{"embeddable":true,"href":"https:\/\/milicia-pro.com\/index.php\/wp-json\/wp\/v2\/media\/30061"}],"wp:attachment":[{"href":"https:\/\/milicia-pro.com\/index.php\/wp-json\/wp\/v2\/media?parent=30952"}],"wp:term":[{"taxonomy":"product_brand","embeddable":true,"href":"https:\/\/milicia-pro.com\/index.php\/wp-json\/wp\/v2\/product_brand?post=30952"},{"taxonomy":"product_cat","embeddable":true,"href":"https:\/\/milicia-pro.com\/index.php\/wp-json\/wp\/v2\/product_cat?post=30952"},{"taxonomy":"product_tag","embeddable":true,"href":"https:\/\/milicia-pro.com\/index.php\/wp-json\/wp\/v2\/product_tag?post=30952"}],"curies":[{"name":"wp","href":"https:\/\/api.w.org\/{rel}","templated":true}]}}