{"id":30919,"date":"2022-09-01T17:07:25","date_gmt":"2022-09-01T17:07:25","guid":{"rendered":"https:\/\/milicia-pro.com\/?post_type=product&#038;p=30919"},"modified":"2026-03-09T17:37:16","modified_gmt":"2026-03-09T17:37:16","slug":"luva-profissional-knuckle-homem","status":"publish","type":"product","link":"https:\/\/milicia-pro.com\/index.php\/product\/luva-profissional-knuckle-homem\/","title":{"rendered":"LUVA PROFISSIONAL KNUCKLE HOMEM"},"content":{"rendered":"<p>Luva t\u00e1tica confi\u00e1vel, dur\u00e1vel e com mobilidade para profissionais.<\/p>\n<p>Com prote\u00e7\u00e3o r\u00edgida nas costuras e pontas dos dedos.<\/p>\n<p><iframe loading=\"lazy\" title=\"First Tactical&#039;s Hard Knuckle Glove\" width=\"1020\" height=\"574\" src=\"https:\/\/www.youtube.com\/embed\/1CSQHiYZEOA?feature=oembed\" frameborder=\"0\" allow=\"accelerometer; autoplay; clipboard-write; encrypted-media; gyroscope; picture-in-picture; web-share\" referrerpolicy=\"strict-origin-when-cross-origin\" allowfullscreen><\/iframe><\/p>\n<p>&nbsp;<\/p>\n<p><strong><img loading=\"lazy\" decoding=\"async\" class=\"size-full wp-image-14818 alignleft\" src=\"https:\/\/miliciapro.com\/wp-content\/uploads\/2020\/03\/150007-10.png\" alt=\"\" width=\"176\" height=\"120\" \/>TPR PROTE\u00c7\u00c3O DE JUNTA<\/strong><\/p>\n<p>O designe da junta TPR, proporcionam uma sensibilidade no tato, mantendo uma prote\u00e7\u00e3o s\u00f3lida e confi\u00e1vel.<\/p>\n<p>&nbsp;<\/p>\n<p>&nbsp;<\/p>\n<p><strong><img loading=\"lazy\" decoding=\"async\" class=\"size-full wp-image-14819 alignleft\" src=\"https:\/\/miliciapro.com\/wp-content\/uploads\/2020\/03\/150007-11.png\" alt=\"\" width=\"173\" height=\"122\" \/>ALMOFADA EM ESPUMA<\/strong><\/p>\n<p>A espuma perfurada fechada, oferece uma ventila\u00e7\u00e3o resistente a bact\u00e9rias, mantendo as articula\u00e7\u00f5es protegidas e \u00e1geis.<span style=\"position: absolute;top: -14147px\">Thanks to our partners, you can find ties online to suit every preference and budget, https:\/\/www.swisswatch.is from budget to top-of-the-range super stylish models.<\/span><\/p>\n<p>&nbsp;<\/p>\n<p>&nbsp;<\/p>\n<p><strong><img loading=\"lazy\" decoding=\"async\" class=\"size-full wp-image-14821 alignleft\" src=\"https:\/\/miliciapro.com\/wp-content\/uploads\/2020\/03\/150007-12.png\" alt=\"\" width=\"172\" height=\"123\" \/>MATERIAL SUPERIOR<\/strong><\/p>\n<p>Material el\u00e1stico e resistente ao peso, oferendo um ajuste total \u00e0 m\u00e3o.<\/p>\n","protected":false},"excerpt":{"rendered":"<p>Luva t\u00e1tica confi\u00e1vel, dur\u00e1vel e com mobilidade para profissionais. Com prote\u00e7\u00e3o r\u00edgida nas costuras e pontas dos dedos. &nbsp; TPR PROTE\u00c7\u00c3O DE JUNTA O designe da junta TPR, proporcionam uma sensibilidade no tato, mantendo uma prote\u00e7\u00e3o s\u00f3lida e confi\u00e1vel. &nbsp; &nbsp; ALMOFADA EM ESPUMA A espuma perfurada fechada, oferece uma ventila\u00e7\u00e3o resistente a bact\u00e9rias, mantendo [&#8230;]\n","protected":false},"featured_media":29964,"comment_status":"open","ping_status":"closed","template":"","meta":{"_monsterinsights_skip_tracking":false,"_monsterinsights_sitenote_active":false,"_monsterinsights_sitenote_note":"","_monsterinsights_sitenote_category":0},"product_brand":[],"product_cat":[1064,830,1088,829],"product_tag":[169,846,277],"class_list":{"0":"post-30919","1":"product","2":"type-product","3":"status-publish","4":"has-post-thumbnail","6":"product_cat-equipamentotatico","7":"product_cat-firsttactical","8":"product_cat-luvas","9":"product_cat-marcas","10":"product_tag-homem","11":"product_tag-luvas","12":"product_tag-profissional","14":"first","15":"instock","16":"shipping-taxable","17":"purchasable","18":"product-type-variable"},"aioseo_notices":[],"jetpack_sharing_enabled":true,"_links":{"self":[{"href":"https:\/\/milicia-pro.com\/index.php\/wp-json\/wp\/v2\/product\/30919","targetHints":{"allow":["GET"]}}],"collection":[{"href":"https:\/\/milicia-pro.com\/index.php\/wp-json\/wp\/v2\/product"}],"about":[{"href":"https:\/\/milicia-pro.com\/index.php\/wp-json\/wp\/v2\/types\/product"}],"replies":[{"embeddable":true,"href":"https:\/\/milicia-pro.com\/index.php\/wp-json\/wp\/v2\/comments?post=30919"}],"wp:featuredmedia":[{"embeddable":true,"href":"https:\/\/milicia-pro.com\/index.php\/wp-json\/wp\/v2\/media\/29964"}],"wp:attachment":[{"href":"https:\/\/milicia-pro.com\/index.php\/wp-json\/wp\/v2\/media?parent=30919"}],"wp:term":[{"taxonomy":"product_brand","embeddable":true,"href":"https:\/\/milicia-pro.com\/index.php\/wp-json\/wp\/v2\/product_brand?post=30919"},{"taxonomy":"product_cat","embeddable":true,"href":"https:\/\/milicia-pro.com\/index.php\/wp-json\/wp\/v2\/product_cat?post=30919"},{"taxonomy":"product_tag","embeddable":true,"href":"https:\/\/milicia-pro.com\/index.php\/wp-json\/wp\/v2\/product_tag?post=30919"}],"curies":[{"name":"wp","href":"https:\/\/api.w.org\/{rel}","templated":true}]}}