{"id":30768,"date":"2022-09-01T17:06:31","date_gmt":"2022-09-01T17:06:31","guid":{"rendered":"https:\/\/milicia-pro.com\/?post_type=product&#038;p=30768"},"modified":"2025-07-27T13:08:00","modified_gmt":"2025-07-27T13:08:00","slug":"mochila-tactix-para-12-horas-27-litros","status":"publish","type":"product","link":"https:\/\/milicia-pro.com\/index.php\/product\/mochila-tactix-para-12-horas-27-litros\/","title":{"rendered":"MOCHILA TACTIX PARA 12 HORAS 27 LITROS"},"content":{"rendered":"<p><img loading=\"lazy\" decoding=\"async\" class=\"alignnone size-medium wp-image-16104\" src=\"https:\/\/miliciapro.com\/wp-content\/uploads\/2020\/03\/5dfd015f-9581-4d24-8a2c-b2b813f7b2f5.__CR00970300_PT0_SX970_V1___-800x247.png\" alt=\"\" width=\"800\" height=\"247\" \/><\/p>\n<p><iframe loading=\"lazy\" title=\"The Specialist Half Day Backpack\" width=\"1020\" height=\"574\" src=\"https:\/\/www.youtube.com\/embed\/Rkhbv4WZgAE?feature=oembed\" frameborder=\"0\" allow=\"accelerometer; autoplay; clipboard-write; encrypted-media; gyroscope; picture-in-picture; web-share\" allowfullscreen><\/iframe><\/p>\n<p>&nbsp;<\/p>\n<p>&nbsp;<\/p>\n<p>Mochila robusta e tactica para meio dia de operacionalidade.<\/p>\n<p>Compativel com o sistema MOLLE\/PALS.<\/p>\n<p>Compartimento Hook &amp; Hang Thru aumentado as op\u00e7\u00f5es de organiza\u00e7\u00e3o.<\/p>\n<p><img loading=\"lazy\" decoding=\"async\" class=\"alignnone size-medium wp-image-14226\" src=\"https:\/\/miliciapro.com\/wp-content\/uploads\/2020\/03\/180036-00000-1-503x400.png\" alt=\"\" width=\"503\" height=\"400\" \/><\/p>\n<p>&nbsp;<\/p>\n<p>&nbsp;<\/p>\n","protected":false},"excerpt":{"rendered":"<p>&nbsp; &nbsp; Mochila robusta e tactica para meio dia de operacionalidade. Compativel com o sistema MOLLE\/PALS. Compartimento Hook &amp; Hang Thru aumentado as op\u00e7\u00f5es de organiza\u00e7\u00e3o. &nbsp; &nbsp;<\/p>\n","protected":false},"featured_media":29711,"comment_status":"open","ping_status":"closed","template":"","meta":{"_monsterinsights_skip_tracking":false,"_monsterinsights_sitenote_active":false,"_monsterinsights_sitenote_note":"","_monsterinsights_sitenote_category":0},"product_brand":[],"product_cat":[830,829,1106,1467],"product_tag":[215,333],"class_list":{"0":"post-30768","1":"product","2":"type-product","3":"status-publish","4":"has-post-thumbnail","6":"product_cat-firsttactical","7":"product_cat-marcas","8":"product_cat-mochilas","9":"product_cat-mochilas-bolsas","10":"product_tag-mochila","11":"product_tag-treino","13":"first","14":"instock","15":"shipping-taxable","16":"purchasable","17":"product-type-variable"},"aioseo_notices":[],"jetpack_sharing_enabled":true,"_links":{"self":[{"href":"https:\/\/milicia-pro.com\/index.php\/wp-json\/wp\/v2\/product\/30768","targetHints":{"allow":["GET"]}}],"collection":[{"href":"https:\/\/milicia-pro.com\/index.php\/wp-json\/wp\/v2\/product"}],"about":[{"href":"https:\/\/milicia-pro.com\/index.php\/wp-json\/wp\/v2\/types\/product"}],"replies":[{"embeddable":true,"href":"https:\/\/milicia-pro.com\/index.php\/wp-json\/wp\/v2\/comments?post=30768"}],"wp:featuredmedia":[{"embeddable":true,"href":"https:\/\/milicia-pro.com\/index.php\/wp-json\/wp\/v2\/media\/29711"}],"wp:attachment":[{"href":"https:\/\/milicia-pro.com\/index.php\/wp-json\/wp\/v2\/media?parent=30768"}],"wp:term":[{"taxonomy":"product_brand","embeddable":true,"href":"https:\/\/milicia-pro.com\/index.php\/wp-json\/wp\/v2\/product_brand?post=30768"},{"taxonomy":"product_cat","embeddable":true,"href":"https:\/\/milicia-pro.com\/index.php\/wp-json\/wp\/v2\/product_cat?post=30768"},{"taxonomy":"product_tag","embeddable":true,"href":"https:\/\/milicia-pro.com\/index.php\/wp-json\/wp\/v2\/product_tag?post=30768"}],"curies":[{"name":"wp","href":"https:\/\/api.w.org\/{rel}","templated":true}]}}