{"id":30763,"date":"2022-09-01T17:06:24","date_gmt":"2022-09-01T17:06:24","guid":{"rendered":"https:\/\/milicia-pro.com\/?post_type=product&#038;p=30763"},"modified":"2026-04-09T13:47:42","modified_gmt":"2026-04-09T13:47:42","slug":"simbolo-de-boina-servicos-prisionais","status":"publish","type":"product","link":"https:\/\/milicia-pro.com\/index.php\/product\/simbolo-de-boina-servicos-prisionais\/","title":{"rendered":"SIMBOLO DE BOINA SERVI\u00c7OS PRISIONAIS"},"content":{"rendered":"<p>S\u00edmbolo de boina (vulcanizada) &#8211; Alto relevo<\/p>\n<p>&nbsp;<\/p>\n<p>Medidas: 6.7cmX5.2cm<\/p>\n","protected":false},"excerpt":{"rendered":"<p>Venda Exclusiva a Profissionais, Guarda Prisional, Mediante Identifica\u00e7\u00e3o. Pre\u00e7o PVP, Sem Desconto<\/p>\n","protected":false},"featured_media":28782,"comment_status":"open","ping_status":"closed","template":"","meta":{"_monsterinsights_skip_tracking":false,"_monsterinsights_sitenote_active":false,"_monsterinsights_sitenote_note":"","_monsterinsights_sitenote_category":0},"product_brand":[],"product_cat":[1457,1455],"product_tag":[1489,522,1488],"class_list":{"0":"post-30763","1":"product","2":"type-product","3":"status-publish","4":"has-post-thumbnail","6":"product_cat-insignias","7":"product_cat-insignias-patch","8":"product_tag-boina","9":"product_tag-guarda-prisional","10":"product_tag-simbolo","12":"first","13":"instock","14":"shipping-taxable","15":"purchasable","16":"product-type-variable"},"aioseo_notices":[],"jetpack_sharing_enabled":true,"_links":{"self":[{"href":"https:\/\/milicia-pro.com\/index.php\/wp-json\/wp\/v2\/product\/30763","targetHints":{"allow":["GET"]}}],"collection":[{"href":"https:\/\/milicia-pro.com\/index.php\/wp-json\/wp\/v2\/product"}],"about":[{"href":"https:\/\/milicia-pro.com\/index.php\/wp-json\/wp\/v2\/types\/product"}],"replies":[{"embeddable":true,"href":"https:\/\/milicia-pro.com\/index.php\/wp-json\/wp\/v2\/comments?post=30763"}],"wp:featuredmedia":[{"embeddable":true,"href":"https:\/\/milicia-pro.com\/index.php\/wp-json\/wp\/v2\/media\/28782"}],"wp:attachment":[{"href":"https:\/\/milicia-pro.com\/index.php\/wp-json\/wp\/v2\/media?parent=30763"}],"wp:term":[{"taxonomy":"product_brand","embeddable":true,"href":"https:\/\/milicia-pro.com\/index.php\/wp-json\/wp\/v2\/product_brand?post=30763"},{"taxonomy":"product_cat","embeddable":true,"href":"https:\/\/milicia-pro.com\/index.php\/wp-json\/wp\/v2\/product_cat?post=30763"},{"taxonomy":"product_tag","embeddable":true,"href":"https:\/\/milicia-pro.com\/index.php\/wp-json\/wp\/v2\/product_tag?post=30763"}],"curies":[{"name":"wp","href":"https:\/\/api.w.org\/{rel}","templated":true}]}}