{"id":30713,"date":"2022-09-01T17:05:39","date_gmt":"2022-09-01T17:05:39","guid":{"rendered":"https:\/\/milicia-pro.com\/?post_type=product&#038;p=30713"},"modified":"2026-02-23T16:12:16","modified_gmt":"2026-02-23T16:12:16","slug":"ext-perna-p-ct-ambidextro-d-ring-pequeno","status":"publish","type":"product","link":"https:\/\/milicia-pro.com\/index.php\/product\/ext-perna-p-ct-ambidextro-d-ring-pequeno\/","title":{"rendered":"EXT. PERNA P\/ CT AMBIDEXTRO D RING PEQUENO"},"content":{"rendered":"<p>Extendedor de perna Ambidextro ajust\u00e1vel para adaptar um acess\u00f3rio.<\/p>\n<p>Interior das tiras de perna com silicone para melhor aderir \u00e0 cal\u00e7a tactica.<\/p>\n","protected":false},"excerpt":{"rendered":"<p>Extendedor de perna Ambidextro ajust\u00e1vel para adaptar um acess\u00f3rio. Interior das tiras de perna com silicone para melhor aderir \u00e0 cal\u00e7a tactica.<\/p>\n","protected":false},"featured_media":28245,"comment_status":"open","ping_status":"closed","template":"","meta":{"_monsterinsights_skip_tracking":false,"_monsterinsights_sitenote_active":false,"_monsterinsights_sitenote_note":"","_monsterinsights_sitenote_category":0},"product_brand":[1519],"product_cat":[1115,1064,1151],"product_tag":[607,1469],"class_list":{"0":"post-30713","1":"product","2":"type-product","3":"status-publish","4":"has-post-thumbnail","6":"product_brand-safariland","7":"product_cat-acessorios-armas","8":"product_cat-equipamentotatico","9":"product_cat-safariland","10":"product_tag-coldre","11":"product_tag-extensor-de-perna","13":"first","14":"instock","15":"shipping-taxable","16":"purchasable","17":"product-type-variable"},"aioseo_notices":[],"jetpack_sharing_enabled":true,"_links":{"self":[{"href":"https:\/\/milicia-pro.com\/index.php\/wp-json\/wp\/v2\/product\/30713","targetHints":{"allow":["GET"]}}],"collection":[{"href":"https:\/\/milicia-pro.com\/index.php\/wp-json\/wp\/v2\/product"}],"about":[{"href":"https:\/\/milicia-pro.com\/index.php\/wp-json\/wp\/v2\/types\/product"}],"replies":[{"embeddable":true,"href":"https:\/\/milicia-pro.com\/index.php\/wp-json\/wp\/v2\/comments?post=30713"}],"wp:featuredmedia":[{"embeddable":true,"href":"https:\/\/milicia-pro.com\/index.php\/wp-json\/wp\/v2\/media\/28245"}],"wp:attachment":[{"href":"https:\/\/milicia-pro.com\/index.php\/wp-json\/wp\/v2\/media?parent=30713"}],"wp:term":[{"taxonomy":"product_brand","embeddable":true,"href":"https:\/\/milicia-pro.com\/index.php\/wp-json\/wp\/v2\/product_brand?post=30713"},{"taxonomy":"product_cat","embeddable":true,"href":"https:\/\/milicia-pro.com\/index.php\/wp-json\/wp\/v2\/product_cat?post=30713"},{"taxonomy":"product_tag","embeddable":true,"href":"https:\/\/milicia-pro.com\/index.php\/wp-json\/wp\/v2\/product_tag?post=30713"}],"curies":[{"name":"wp","href":"https:\/\/api.w.org\/{rel}","templated":true}]}}