{"id":30675,"date":"2022-09-01T17:05:17","date_gmt":"2022-09-01T17:05:17","guid":{"rendered":"https:\/\/milicia-pro.com\/?post_type=product&#038;p=30675"},"modified":"2026-02-26T11:10:43","modified_gmt":"2026-02-26T11:10:43","slug":"algemas-dobradica-aluminio-grandes-dimensoes","status":"publish","type":"product","link":"https:\/\/milicia-pro.com\/index.php\/product\/algemas-dobradica-aluminio-grandes-dimensoes\/","title":{"rendered":"ALGEMAS DOBRADI\u00c7A ALUMINIO GRANDES DIMENS\u00d5ES"},"content":{"rendered":"<p>Vers\u00e3o mais leve das algemas HIATTS 2054, com metade do peso mas mantendo toda a robustez e durabilidade. Possuem um maior di\u00e2metro para<\/p>\n<p>permitir a aplica\u00e7\u00e3o a pulsos de maiores dimens\u00f5es, tornando-se assim mais vers\u00e1teis e universais.<\/p>\n<p><strong>Principais Caracter\u00edsticas:<\/strong><\/p>\n<ul>\n<li>Algema em alum\u00ednio com revestimento em n\u00edquel.<\/li>\n<li>Dobradas permitem um f\u00e1cil transporte na funda.<\/li>\n<li>Fecho com posi\u00e7\u00e3o dupla posi\u00e7\u00e3o, normal e bloqueado atrav\u00e9s de chave<\/li>\n<li>Fecho com 18 dentes e fechadura com tr\u00eas linhas de 6 dentes, que torna a sua abertura intencional muito dif\u00edcil.<\/li>\n<li>Constru\u00e7\u00e3o extremamente robusta.<\/li>\n<\/ul>\n","protected":false},"excerpt":{"rendered":"<p>VENDA EXCLUSIVA A PROFISSIONAIS MEDIANTE IDENTIFICA\u00c7\u00c3O<\/p>\n","protected":false},"featured_media":28096,"comment_status":"open","ping_status":"closed","template":"","meta":{"_monsterinsights_skip_tracking":false,"_monsterinsights_sitenote_active":false,"_monsterinsights_sitenote_note":"","_monsterinsights_sitenote_category":0},"product_brand":[],"product_cat":[1163,829],"product_tag":[501,505],"class_list":{"0":"post-30675","1":"product","2":"type-product","3":"status-publish","4":"has-post-thumbnail","6":"product_cat-hiatt","7":"product_cat-marcas","8":"product_tag-algemas","9":"product_tag-seguranca","11":"first","12":"outofstock","13":"shipping-taxable","14":"purchasable","15":"product-type-variable"},"aioseo_notices":[],"jetpack_sharing_enabled":true,"_links":{"self":[{"href":"https:\/\/milicia-pro.com\/index.php\/wp-json\/wp\/v2\/product\/30675","targetHints":{"allow":["GET"]}}],"collection":[{"href":"https:\/\/milicia-pro.com\/index.php\/wp-json\/wp\/v2\/product"}],"about":[{"href":"https:\/\/milicia-pro.com\/index.php\/wp-json\/wp\/v2\/types\/product"}],"replies":[{"embeddable":true,"href":"https:\/\/milicia-pro.com\/index.php\/wp-json\/wp\/v2\/comments?post=30675"}],"wp:featuredmedia":[{"embeddable":true,"href":"https:\/\/milicia-pro.com\/index.php\/wp-json\/wp\/v2\/media\/28096"}],"wp:attachment":[{"href":"https:\/\/milicia-pro.com\/index.php\/wp-json\/wp\/v2\/media?parent=30675"}],"wp:term":[{"taxonomy":"product_brand","embeddable":true,"href":"https:\/\/milicia-pro.com\/index.php\/wp-json\/wp\/v2\/product_brand?post=30675"},{"taxonomy":"product_cat","embeddable":true,"href":"https:\/\/milicia-pro.com\/index.php\/wp-json\/wp\/v2\/product_cat?post=30675"},{"taxonomy":"product_tag","embeddable":true,"href":"https:\/\/milicia-pro.com\/index.php\/wp-json\/wp\/v2\/product_tag?post=30675"}],"curies":[{"name":"wp","href":"https:\/\/api.w.org\/{rel}","templated":true}]}}