{"id":30673,"date":"2022-09-01T17:05:17","date_gmt":"2022-09-01T17:05:17","guid":{"rendered":"https:\/\/milicia-pro.com\/?post_type=product&#038;p=30673"},"modified":"2026-02-26T11:06:51","modified_gmt":"2026-02-26T11:06:51","slug":"algemas-dobradicas-niqueladas","status":"publish","type":"product","link":"https:\/\/milicia-pro.com\/index.php\/product\/algemas-dobradicas-niqueladas\/","title":{"rendered":"ALGEMAS DOBRADI\u00c7AS NIQUELADAS"},"content":{"rendered":"<p>A combina\u00e7\u00e3o perfeita de resist\u00eancia e comodidade de uso. Dobram-se sobre si mesmas para guardar.<\/p>\n<p><strong>Principais Caracter\u00edsticas:<\/strong><\/p>\n<ul>\n<li>Algema totalmente em metal<\/li>\n<li>Dobradas permitem um f\u00e1cil transporte na funda.<\/li>\n<li>Fecho com posi\u00e7\u00e3o dupla posi\u00e7\u00e3o, normal e bloqueado atrav\u00e9s de chave<\/li>\n<li>Fecho com 18 dentes e fechadura com tr\u00eas linhas de 6 dentes, que torna a sua abertura intencional muito dif\u00edcil.<\/li>\n<li>Constru\u00e7\u00e3o extremamente robusta.<\/li>\n<\/ul>\n","protected":false},"excerpt":{"rendered":"<p>VENDA EXCLUSIVA A PROFISSIONAIS MEDIANTE IDENTIFICA\u00c7\u00c3O<\/p>\n<p>&nbsp;<\/p>\n","protected":false},"featured_media":28094,"comment_status":"open","ping_status":"closed","template":"","meta":{"_monsterinsights_skip_tracking":false,"_monsterinsights_sitenote_active":false,"_monsterinsights_sitenote_note":"","_monsterinsights_sitenote_category":0},"product_brand":[],"product_cat":[1135,1064,1163,829],"product_tag":[501,505],"class_list":{"0":"post-30673","1":"product","2":"type-product","3":"status-publish","4":"has-post-thumbnail","6":"product_cat-algemas","7":"product_cat-equipamentotatico","8":"product_cat-hiatt","9":"product_cat-marcas","10":"product_tag-algemas","11":"product_tag-seguranca","13":"first","14":"outofstock","15":"shipping-taxable","16":"purchasable","17":"product-type-variable"},"aioseo_notices":[],"jetpack_sharing_enabled":true,"_links":{"self":[{"href":"https:\/\/milicia-pro.com\/index.php\/wp-json\/wp\/v2\/product\/30673","targetHints":{"allow":["GET"]}}],"collection":[{"href":"https:\/\/milicia-pro.com\/index.php\/wp-json\/wp\/v2\/product"}],"about":[{"href":"https:\/\/milicia-pro.com\/index.php\/wp-json\/wp\/v2\/types\/product"}],"replies":[{"embeddable":true,"href":"https:\/\/milicia-pro.com\/index.php\/wp-json\/wp\/v2\/comments?post=30673"}],"wp:featuredmedia":[{"embeddable":true,"href":"https:\/\/milicia-pro.com\/index.php\/wp-json\/wp\/v2\/media\/28094"}],"wp:attachment":[{"href":"https:\/\/milicia-pro.com\/index.php\/wp-json\/wp\/v2\/media?parent=30673"}],"wp:term":[{"taxonomy":"product_brand","embeddable":true,"href":"https:\/\/milicia-pro.com\/index.php\/wp-json\/wp\/v2\/product_brand?post=30673"},{"taxonomy":"product_cat","embeddable":true,"href":"https:\/\/milicia-pro.com\/index.php\/wp-json\/wp\/v2\/product_cat?post=30673"},{"taxonomy":"product_tag","embeddable":true,"href":"https:\/\/milicia-pro.com\/index.php\/wp-json\/wp\/v2\/product_tag?post=30673"}],"curies":[{"name":"wp","href":"https:\/\/api.w.org\/{rel}","templated":true}]}}