{"id":30642,"date":"2022-09-01T17:05:02","date_gmt":"2022-09-01T17:05:02","guid":{"rendered":"https:\/\/milicia-pro.com\/?post_type=product&#038;p=30642"},"modified":"2025-09-24T17:05:13","modified_gmt":"2025-09-24T17:05:13","slug":"suporte-cinto-com-duplo-rail","status":"publish","type":"product","link":"https:\/\/milicia-pro.com\/index.php\/product\/suporte-cinto-com-duplo-rail\/","title":{"rendered":"SUPORTE CINTO COM DUPLO RAIL\u2122"},"content":{"rendered":"<p align=\"justify\">Plataforma com duplo Rail de montagem para coloca\u00e7\u00e3o de acess\u00f3rios diversos.<\/p>\n<p align=\"justify\">As aplica\u00e7\u00f5es s\u00e3o quase ilimitadas, podendo conjugar numa s\u00f3 plataforma um porta-carregador e uma funda para lanterna, ou para o seu bast\u00e3o ou spray de g\u00e1s.<\/p>\n<p align=\"justify\">\n","protected":false},"excerpt":{"rendered":"<p>Plataforma com duplo Rail de montagem para coloca\u00e7\u00e3o de acess\u00f3rios diversos. As aplica\u00e7\u00f5es s\u00e3o quase ilimitadas, podendo conjugar numa s\u00f3 plataforma um porta-carregador e uma funda para lanterna, ou para o seu bast\u00e3o ou spray de g\u00e1s.<\/p>\n","protected":false},"featured_media":28016,"comment_status":"open","ping_status":"closed","template":"","meta":{"_monsterinsights_skip_tracking":false,"_monsterinsights_sitenote_active":false,"_monsterinsights_sitenote_note":"","_monsterinsights_sitenote_category":0},"product_brand":[1504],"product_cat":[1137,1085,1064,829],"product_tag":[607,807,781],"class_list":{"0":"post-30642","1":"product","2":"type-product","3":"status-publish","4":"has-post-thumbnail","6":"product_brand-blackhawk","7":"product_cat-blackhawk","8":"product_cat-coldre","9":"product_cat-equipamentotatico","10":"product_cat-marcas","11":"product_tag-coldre","12":"product_tag-plataforma","13":"product_tag-suporte","15":"first","16":"instock","17":"shipping-taxable","18":"purchasable","19":"product-type-variable"},"aioseo_notices":[],"jetpack_sharing_enabled":true,"_links":{"self":[{"href":"https:\/\/milicia-pro.com\/index.php\/wp-json\/wp\/v2\/product\/30642","targetHints":{"allow":["GET"]}}],"collection":[{"href":"https:\/\/milicia-pro.com\/index.php\/wp-json\/wp\/v2\/product"}],"about":[{"href":"https:\/\/milicia-pro.com\/index.php\/wp-json\/wp\/v2\/types\/product"}],"replies":[{"embeddable":true,"href":"https:\/\/milicia-pro.com\/index.php\/wp-json\/wp\/v2\/comments?post=30642"}],"wp:featuredmedia":[{"embeddable":true,"href":"https:\/\/milicia-pro.com\/index.php\/wp-json\/wp\/v2\/media\/28016"}],"wp:attachment":[{"href":"https:\/\/milicia-pro.com\/index.php\/wp-json\/wp\/v2\/media?parent=30642"}],"wp:term":[{"taxonomy":"product_brand","embeddable":true,"href":"https:\/\/milicia-pro.com\/index.php\/wp-json\/wp\/v2\/product_brand?post=30642"},{"taxonomy":"product_cat","embeddable":true,"href":"https:\/\/milicia-pro.com\/index.php\/wp-json\/wp\/v2\/product_cat?post=30642"},{"taxonomy":"product_tag","embeddable":true,"href":"https:\/\/milicia-pro.com\/index.php\/wp-json\/wp\/v2\/product_tag?post=30642"}],"curies":[{"name":"wp","href":"https:\/\/api.w.org\/{rel}","templated":true}]}}