{"id":30625,"date":"2022-09-01T17:05:00","date_gmt":"2022-09-01T17:05:00","guid":{"rendered":"https:\/\/milicia-pro.com\/?post_type=product&#038;p=30625"},"modified":"2026-01-26T17:55:49","modified_gmt":"2026-01-26T17:55:49","slug":"kit-de-limpeza-de-lentes","status":"publish","type":"product","link":"https:\/\/milicia-pro.com\/index.php\/product\/kit-de-limpeza-de-lentes\/","title":{"rendered":"KIT DE LIMPEZA DE LENTES"},"content":{"rendered":"<p>Cont\u00e9m o material necess\u00e1rio para manter a limpeza de todo o tipo de lentes, como miras telesc\u00f3picas, miras laser, bin\u00f3culos, m\u00e1quinas fotogr\u00e1ficas e todo o g\u00e9nero de \u00f3culos e viseiras.<\/p>\n<p>Conte\u00fado:<\/p>\n<ul>\n<li>L\u00edquido de limpeza (spray)<\/li>\n<li>Escova de limpeza de impurezas e p\u00f3<\/li>\n<li>Pano de limpeza<\/li>\n<li>Cotonetes espec\u00edficos<\/li>\n<\/ul>\n","protected":false},"excerpt":{"rendered":"<p>Cont\u00e9m o material necess\u00e1rio para manter a limpeza de todo o tipo de lentes, como miras telesc\u00f3picas, miras laser, bin\u00f3culos, m\u00e1quinas fotogr\u00e1ficas e todo o g\u00e9nero de \u00f3culos e viseiras. Conte\u00fado: L\u00edquido de limpeza (spray) Escova de limpeza de impurezas e p\u00f3 Pano de limpeza Cotonetes espec\u00edficos<\/p>\n","protected":false},"featured_media":27974,"comment_status":"open","ping_status":"closed","template":"","meta":{"_monsterinsights_skip_tracking":false,"_monsterinsights_sitenote_active":false,"_monsterinsights_sitenote_note":"","_monsterinsights_sitenote_category":0},"product_brand":[1623],"product_cat":[1454,1331,1622],"product_tag":[185,757,742],"class_list":{"0":"post-30625","1":"product","2":"type-product","3":"status-publish","4":"has-post-thumbnail","6":"product_brand-otis","7":"product_cat-acessorios-equipamentotatico","8":"product_cat-kit-limpeza-acessorios-armas","9":"product_cat-otis","10":"product_tag-kit","11":"product_tag-lentes","12":"product_tag-limpeza","14":"first","15":"instock","16":"shipping-taxable","17":"purchasable","18":"product-type-variable"},"aioseo_notices":[],"jetpack_sharing_enabled":true,"_links":{"self":[{"href":"https:\/\/milicia-pro.com\/index.php\/wp-json\/wp\/v2\/product\/30625","targetHints":{"allow":["GET"]}}],"collection":[{"href":"https:\/\/milicia-pro.com\/index.php\/wp-json\/wp\/v2\/product"}],"about":[{"href":"https:\/\/milicia-pro.com\/index.php\/wp-json\/wp\/v2\/types\/product"}],"replies":[{"embeddable":true,"href":"https:\/\/milicia-pro.com\/index.php\/wp-json\/wp\/v2\/comments?post=30625"}],"wp:featuredmedia":[{"embeddable":true,"href":"https:\/\/milicia-pro.com\/index.php\/wp-json\/wp\/v2\/media\/27974"}],"wp:attachment":[{"href":"https:\/\/milicia-pro.com\/index.php\/wp-json\/wp\/v2\/media?parent=30625"}],"wp:term":[{"taxonomy":"product_brand","embeddable":true,"href":"https:\/\/milicia-pro.com\/index.php\/wp-json\/wp\/v2\/product_brand?post=30625"},{"taxonomy":"product_cat","embeddable":true,"href":"https:\/\/milicia-pro.com\/index.php\/wp-json\/wp\/v2\/product_cat?post=30625"},{"taxonomy":"product_tag","embeddable":true,"href":"https:\/\/milicia-pro.com\/index.php\/wp-json\/wp\/v2\/product_tag?post=30625"}],"curies":[{"name":"wp","href":"https:\/\/api.w.org\/{rel}","templated":true}]}}