{"id":30538,"date":"2022-09-01T17:04:40","date_gmt":"2022-09-01T17:04:40","guid":{"rendered":"https:\/\/milicia-pro.com\/?post_type=product&#038;p=30538"},"modified":"2026-02-12T15:02:21","modified_gmt":"2026-02-12T15:02:21","slug":"mochila-gobag-100-oz-c-reservatorio","status":"publish","type":"product","link":"https:\/\/milicia-pro.com\/index.php\/product\/mochila-gobag-100-oz-c-reservatorio\/","title":{"rendered":"MOCHILA GOBAG 100 OZ C\/ RESERVAT\u00d3RIO"},"content":{"rendered":"<ul>\n<li>Tr\u00eas pain\u00e9is grandes no interior para adicionar pequenas mochilas ou bolsas para equipamento v\u00e1rio<\/li>\n<li>Painel de identifica\u00e7\u00e3o na frente<\/li>\n<li>Ideal para ve\u00edculos de apoio<\/li>\n<li>Bolsa interna para incluir reservat\u00f3rio<\/li>\n<\/ul>\n","protected":false},"excerpt":{"rendered":"<p>Tr\u00eas pain\u00e9is grandes no interior para adicionar pequenas mochilas ou bolsas para equipamento v\u00e1rio Painel de identifica\u00e7\u00e3o na frente Ideal para ve\u00edculos de apoio Bolsa interna para incluir reservat\u00f3rio<\/p>\n","protected":false},"featured_media":27776,"comment_status":"open","ping_status":"closed","template":"","meta":{"_monsterinsights_skip_tracking":false,"_monsterinsights_sitenote_active":false,"_monsterinsights_sitenote_note":"","_monsterinsights_sitenote_category":0},"product_brand":[1505],"product_cat":[1617,1286,1467],"product_tag":[80,1146,215],"class_list":{"0":"post-30538","1":"product","2":"type-product","3":"status-publish","4":"has-post-thumbnail","6":"product_brand-camelbak","7":"product_cat-bolsa-hidratacao","8":"product_cat-camelbak-marcas","9":"product_cat-mochilas-bolsas","10":"product_tag-bolsa","11":"product_tag-hidratacao","12":"product_tag-mochila","14":"first","15":"instock","16":"shipping-taxable","17":"purchasable","18":"product-type-variable"},"aioseo_notices":[],"jetpack_sharing_enabled":true,"_links":{"self":[{"href":"https:\/\/milicia-pro.com\/index.php\/wp-json\/wp\/v2\/product\/30538","targetHints":{"allow":["GET"]}}],"collection":[{"href":"https:\/\/milicia-pro.com\/index.php\/wp-json\/wp\/v2\/product"}],"about":[{"href":"https:\/\/milicia-pro.com\/index.php\/wp-json\/wp\/v2\/types\/product"}],"replies":[{"embeddable":true,"href":"https:\/\/milicia-pro.com\/index.php\/wp-json\/wp\/v2\/comments?post=30538"}],"wp:featuredmedia":[{"embeddable":true,"href":"https:\/\/milicia-pro.com\/index.php\/wp-json\/wp\/v2\/media\/27776"}],"wp:attachment":[{"href":"https:\/\/milicia-pro.com\/index.php\/wp-json\/wp\/v2\/media?parent=30538"}],"wp:term":[{"taxonomy":"product_brand","embeddable":true,"href":"https:\/\/milicia-pro.com\/index.php\/wp-json\/wp\/v2\/product_brand?post=30538"},{"taxonomy":"product_cat","embeddable":true,"href":"https:\/\/milicia-pro.com\/index.php\/wp-json\/wp\/v2\/product_cat?post=30538"},{"taxonomy":"product_tag","embeddable":true,"href":"https:\/\/milicia-pro.com\/index.php\/wp-json\/wp\/v2\/product_tag?post=30538"}],"curies":[{"name":"wp","href":"https:\/\/api.w.org\/{rel}","templated":true}]}}