{"id":30512,"date":"2022-09-01T17:04:35","date_gmt":"2022-09-01T17:04:35","guid":{"rendered":"https:\/\/milicia-pro.com\/?post_type=product&#038;p=30512"},"modified":"2026-01-07T15:07:49","modified_gmt":"2026-01-07T15:07:49","slug":"luvas-street-guard-c-kevlar","status":"publish","type":"product","link":"https:\/\/milicia-pro.com\/index.php\/product\/luvas-street-guard-c-kevlar\/","title":{"rendered":"LUVAS STREET GUARD C\/ KEVLAR"},"content":{"rendered":"<p align=\"justify\">Um modelo que se tornou rapidamente um dos favoritos da Hatch.<\/p>\n<p align=\"justify\">Fabricada com uma camada interior de 9oz de Kevlar, em toda a m\u00e3o e dedos, oferecendo uma prote\u00e7\u00e3o contra cortes e objetos afiados.<\/p>\n<p align=\"justify\">\n","protected":false},"excerpt":{"rendered":"<p>Um modelo que se tornou rapidamente um dos favoritos da Hatch. Fabricada com uma camada interior de 9oz de Kevlar, em toda a m\u00e3o e dedos, oferecendo uma prote\u00e7\u00e3o contra cortes e objetos afiados.<\/p>\n","protected":false},"featured_media":27724,"comment_status":"open","ping_status":"closed","template":"","meta":{"_monsterinsights_skip_tracking":false,"_monsterinsights_sitenote_active":false,"_monsterinsights_sitenote_note":"","_monsterinsights_sitenote_category":0},"product_brand":[1512],"product_cat":[1064,965,1088,829],"product_tag":[846],"class_list":{"0":"post-30512","1":"product","2":"type-product","3":"status-publish","4":"has-post-thumbnail","6":"product_brand-hatch","7":"product_cat-equipamentotatico","8":"product_cat-hatch","9":"product_cat-luvas","10":"product_cat-marcas","11":"product_tag-luvas","13":"first","14":"instock","15":"shipping-taxable","16":"purchasable","17":"product-type-variable"},"aioseo_notices":[],"jetpack_sharing_enabled":true,"_links":{"self":[{"href":"https:\/\/milicia-pro.com\/index.php\/wp-json\/wp\/v2\/product\/30512","targetHints":{"allow":["GET"]}}],"collection":[{"href":"https:\/\/milicia-pro.com\/index.php\/wp-json\/wp\/v2\/product"}],"about":[{"href":"https:\/\/milicia-pro.com\/index.php\/wp-json\/wp\/v2\/types\/product"}],"replies":[{"embeddable":true,"href":"https:\/\/milicia-pro.com\/index.php\/wp-json\/wp\/v2\/comments?post=30512"}],"wp:featuredmedia":[{"embeddable":true,"href":"https:\/\/milicia-pro.com\/index.php\/wp-json\/wp\/v2\/media\/27724"}],"wp:attachment":[{"href":"https:\/\/milicia-pro.com\/index.php\/wp-json\/wp\/v2\/media?parent=30512"}],"wp:term":[{"taxonomy":"product_brand","embeddable":true,"href":"https:\/\/milicia-pro.com\/index.php\/wp-json\/wp\/v2\/product_brand?post=30512"},{"taxonomy":"product_cat","embeddable":true,"href":"https:\/\/milicia-pro.com\/index.php\/wp-json\/wp\/v2\/product_cat?post=30512"},{"taxonomy":"product_tag","embeddable":true,"href":"https:\/\/milicia-pro.com\/index.php\/wp-json\/wp\/v2\/product_tag?post=30512"}],"curies":[{"name":"wp","href":"https:\/\/api.w.org\/{rel}","templated":true}]}}