{"id":30361,"date":"2022-09-01T17:04:00","date_gmt":"2022-09-01T17:04:00","guid":{"rendered":"https:\/\/milicia-pro.com\/?post_type=product&#038;p=30361"},"modified":"2025-06-05T16:25:07","modified_gmt":"2025-06-05T16:25:07","slug":"fogao-de-acendalhas-esbit","status":"publish","type":"product","link":"https:\/\/milicia-pro.com\/index.php\/product\/fogao-de-acendalhas-esbit\/","title":{"rendered":"FOG\u00c3O DE ACENDALHAS ESBIT"},"content":{"rendered":"<p>Compacto e leve, fornecido com combust\u00edvel s\u00f3lido para quatro refei\u00e7\u00f5es.<\/p>\n","protected":false},"excerpt":{"rendered":"<p>Compacto e leve, fornecido com combust\u00edvel s\u00f3lido para quatro refei\u00e7\u00f5es.<\/p>\n","protected":false},"featured_media":27383,"comment_status":"open","ping_status":"closed","template":"","meta":{"_monsterinsights_skip_tracking":false,"_monsterinsights_sitenote_active":false,"_monsterinsights_sitenote_note":"","_monsterinsights_sitenote_category":0},"product_brand":[],"product_cat":[1473,829,1068,1074,855],"product_tag":[957,728,866],"class_list":{"0":"post-30361","1":"product","2":"type-product","3":"status-publish","4":"has-post-thumbnail","6":"product_cat-acessorios","7":"product_cat-marcas","8":"product_cat-outdoor","9":"product_cat-sobrevivencia","10":"product_cat-sturm-mil-tec","11":"product_tag-acendalhas","12":"product_tag-campismo","13":"product_tag-fogao","15":"first","16":"outofstock","17":"shipping-taxable","18":"purchasable","19":"product-type-simple"},"aioseo_notices":[],"jetpack_sharing_enabled":true,"_links":{"self":[{"href":"https:\/\/milicia-pro.com\/index.php\/wp-json\/wp\/v2\/product\/30361","targetHints":{"allow":["GET"]}}],"collection":[{"href":"https:\/\/milicia-pro.com\/index.php\/wp-json\/wp\/v2\/product"}],"about":[{"href":"https:\/\/milicia-pro.com\/index.php\/wp-json\/wp\/v2\/types\/product"}],"replies":[{"embeddable":true,"href":"https:\/\/milicia-pro.com\/index.php\/wp-json\/wp\/v2\/comments?post=30361"}],"wp:featuredmedia":[{"embeddable":true,"href":"https:\/\/milicia-pro.com\/index.php\/wp-json\/wp\/v2\/media\/27383"}],"wp:attachment":[{"href":"https:\/\/milicia-pro.com\/index.php\/wp-json\/wp\/v2\/media?parent=30361"}],"wp:term":[{"taxonomy":"product_brand","embeddable":true,"href":"https:\/\/milicia-pro.com\/index.php\/wp-json\/wp\/v2\/product_brand?post=30361"},{"taxonomy":"product_cat","embeddable":true,"href":"https:\/\/milicia-pro.com\/index.php\/wp-json\/wp\/v2\/product_cat?post=30361"},{"taxonomy":"product_tag","embeddable":true,"href":"https:\/\/milicia-pro.com\/index.php\/wp-json\/wp\/v2\/product_tag?post=30361"}],"curies":[{"name":"wp","href":"https:\/\/api.w.org\/{rel}","templated":true}]}}