{"id":30338,"date":"2022-09-01T17:03:58","date_gmt":"2022-09-01T17:03:58","guid":{"rendered":"https:\/\/milicia-pro.com\/?post_type=product&#038;p=30338"},"modified":"2025-07-15T16:06:41","modified_gmt":"2025-07-15T16:06:41","slug":"porta-carregador-single","status":"publish","type":"product","link":"https:\/\/milicia-pro.com\/index.php\/product\/porta-carregador-single\/","title":{"rendered":"PORTA CARREGADOR SINGLE"},"content":{"rendered":"<p>Porta carregador single em Cordura para coloca\u00e7\u00e3o em cintur\u00e3o de servi\u00e7o.<\/p>\n<p>Para carregadores das seguintes armas:<\/p>\n<p>Beretta 92F<\/p>\n<p>Glock 17,19,22,23<\/p>\n<p>SIG P226, P228, P229<\/p>\n<p>S&amp;W 4004,4006,5906,SW40F<\/p>\n<p>Springfield XD-9, SA-40<\/p>\n","protected":false},"excerpt":{"rendered":"<p>Porta carregador single em Cordura para coloca\u00e7\u00e3o em cintur\u00e3o de servi\u00e7o. Para carregadores das seguintes armas: Beretta 92F Glock 17,19,22,23 SIG P226, P228, P229 S&amp;W 4004,4006,5906,SW40F Springfield XD-9, SA-40<\/p>\n","protected":false},"featured_media":27332,"comment_status":"open","ping_status":"closed","template":"","meta":{"_monsterinsights_skip_tracking":false,"_monsterinsights_sitenote_active":false,"_monsterinsights_sitenote_note":"","_monsterinsights_sitenote_category":0},"product_brand":[],"product_cat":[1249,1064,829,1086],"product_tag":[255],"class_list":{"0":"post-30338","1":"product","2":"type-product","3":"status-publish","4":"has-post-thumbnail","6":"product_cat-bianchi","7":"product_cat-equipamentotatico","8":"product_cat-marcas","9":"product_cat-portacarregador","10":"product_tag-porta-carregador","12":"first","13":"instock","14":"shipping-taxable","15":"purchasable","16":"product-type-variable"},"aioseo_notices":[],"jetpack_sharing_enabled":true,"_links":{"self":[{"href":"https:\/\/milicia-pro.com\/index.php\/wp-json\/wp\/v2\/product\/30338","targetHints":{"allow":["GET"]}}],"collection":[{"href":"https:\/\/milicia-pro.com\/index.php\/wp-json\/wp\/v2\/product"}],"about":[{"href":"https:\/\/milicia-pro.com\/index.php\/wp-json\/wp\/v2\/types\/product"}],"replies":[{"embeddable":true,"href":"https:\/\/milicia-pro.com\/index.php\/wp-json\/wp\/v2\/comments?post=30338"}],"wp:featuredmedia":[{"embeddable":true,"href":"https:\/\/milicia-pro.com\/index.php\/wp-json\/wp\/v2\/media\/27332"}],"wp:attachment":[{"href":"https:\/\/milicia-pro.com\/index.php\/wp-json\/wp\/v2\/media?parent=30338"}],"wp:term":[{"taxonomy":"product_brand","embeddable":true,"href":"https:\/\/milicia-pro.com\/index.php\/wp-json\/wp\/v2\/product_brand?post=30338"},{"taxonomy":"product_cat","embeddable":true,"href":"https:\/\/milicia-pro.com\/index.php\/wp-json\/wp\/v2\/product_cat?post=30338"},{"taxonomy":"product_tag","embeddable":true,"href":"https:\/\/milicia-pro.com\/index.php\/wp-json\/wp\/v2\/product_tag?post=30338"}],"curies":[{"name":"wp","href":"https:\/\/api.w.org\/{rel}","templated":true}]}}