{"id":30211,"date":"2022-09-01T17:03:34","date_gmt":"2022-09-01T17:03:34","guid":{"rendered":"https:\/\/milicia-pro.com\/?post_type=product&#038;p=30211"},"modified":"2025-09-12T15:25:26","modified_gmt":"2025-09-12T15:25:26","slug":"saco-cama-defence-4-artic-exercito-portugues","status":"publish","type":"product","link":"https:\/\/milicia-pro.com\/index.php\/product\/saco-cama-defence-4-artic-exercito-portugues\/","title":{"rendered":"SACO CAMA DEFENCE 4 &#8211; ARTIC &#8211; EX\u00c9RCITO PORTUGU\u00caS"},"content":{"rendered":"<p>\u00c9 o saco cama de 3 esta\u00e7\u00f5es mais popular e \u00e9 n\u00ba1 em vendas.<\/p>\n<p>\u00c9 a escolha dos nossos militares em teatros de opera\u00e7\u00f5es como a B\u00f3snia ou o Kosovo. Recomenda-se o seu uso nas 3 esta\u00e7\u00f5es mais frias mesmo em climas temperados como Portugal.<\/p>\n<p>Tem uma excelente rela\u00e7\u00e3o performance \/ peso e volume. Provou ser 100% de confian\u00e7a em noites frias, tanto ao ar livre como em cavernas de neve.<\/p>\n<p>A abertura \u00e9 protegida do vento e humidade exterior por rebordo que cobre o Zipper externo. Com zipper interno e rebordo interior para evitar que o calor se escape pelos fechos. Ambos os zippers s\u00e3o de abertura r\u00e1pida.<\/p>\n<p>Com 2 liners inclu\u00eddos para uma higiene f\u00e1cil de manter.<\/p>\n<p>A capa exterior \u00e9 uma microfibra de nylon super leve, muito resistente, com microporos o que a torna imperme\u00e1vel.<\/p>\n","protected":false},"excerpt":{"rendered":"<table border=\"1\" cellspacing=\"0\" cellpadding=\"0\">\n<tbody>\n<tr>\n<td valign=\"top\"><\/td>\n<td valign=\"top\"><b>CODIGO<\/b><\/td>\n<td valign=\"top\"><b>PESO<\/b><\/td>\n<td><b>ENCHIMENTO <\/b><\/td>\n<td valign=\"top\"><b>COMPRIMENTO<\/b><\/td>\n<\/tr>\n<tr>\n<td valign=\"top\"><b>TIPO 185<\/b><\/td>\n<td valign=\"top\"><b>92490<\/b><\/td>\n<td valign=\"top\"><b>1850 g<\/b><\/td>\n<td valign=\"top\"><b>1000g<\/b><\/td>\n<td valign=\"top\"><b>215 cm<\/b><\/td>\n<\/tr>\n<tr>\n<td valign=\"top\"><\/td>\n<td valign=\"top\"><b>LARGURA DE COSTAS<\/b><\/td>\n<td valign=\"top\"><b>LARGURA DE PES<\/b><\/td>\n<td valign=\"top\"><b>IDEAL P\/ <\/b><b>PESSOAS AT\u00c9<\/b><\/td>\n<td valign=\"top\"><\/td>\n<\/tr>\n<tr>\n<td valign=\"top\"><\/td>\n<td valign=\"top\"><b>83 cm<\/b><\/td>\n<td valign=\"top\"><b>57 cm<\/b><\/td>\n<td valign=\"top\"><b>185 cm<\/b><\/td>\n<td valign=\"top\"><\/td>\n<\/tr>\n<\/tbody>\n<\/table>\n<table border=\"1\" cellspacing=\"0\" cellpadding=\"0\">\n<tbody>\n<tr>\n<td valign=\"top\"><b>VOLUME <\/b><b>FECHADO<\/b><\/td>\n<td valign=\"top\" nowrap=\"nowrap\">&nbsp;<\/p>\n<p><strong>C\u00d3DIGO<\/strong><\/td>\n<td valign=\"top\"><b>SEM <\/b><b>COMPRESS\u00c3O<\/b><\/td>\n<td valign=\"top\"><b>COM <\/b><b>COMPRESS\u00c3O<\/b><\/td>\n<\/tr>\n<tr>\n<td valign=\"top\"><b>TIPO 185<\/b><\/td>\n<td valign=\"top\"><b>92490<\/b><\/td>\n<td valign=\"top\"><b>26 x 50 cm<\/b><\/td>\n<td valign=\"top\"><b>23 x 38 cm<\/b><\/td>\n<\/tr>\n<\/tbody>\n<\/table>\n<p><b><img loading=\"lazy\" decoding=\"async\" src=\"\/admin\/includes\/spaw\/empty\/\" width=\"1\" height=\"1\" border=\"0\" \/><\/b><\/p>\n<ul>\n<li><b>Capa: <\/b>\u201cShelltrans 100 % Polyamide micro fibre\u201d.<\/li>\n<li><b>Enchimento:<\/b> GLT<\/li>\n<li><b><u>-15 \u00baC<img loading=\"lazy\" decoding=\"async\" src=\"\/admin\/includes\/spaw\/empty\/\" width=\"1\" height=\"1\" \/>&#8211;<\/u><\/b><b><u>34 \u00baC<\/u><\/b><\/li>\n<li><b>Zipper: <\/b>Zipper interior e exterior de 150cm, e funcionam nos dois sentidos.<\/li>\n<li><b>Forma: <\/b>M\u00famia com zipper central<u><br \/>\n<\/u><\/li>\n<li>Saco compressor com tiras horizontais e verticais<\/li>\n<li>2 liners amov\u00edveis<\/li>\n<\/ul>\n","protected":false},"featured_media":42786,"comment_status":"open","ping_status":"closed","template":"","meta":{"_monsterinsights_skip_tracking":false,"_monsterinsights_sitenote_active":false,"_monsterinsights_sitenote_note":"","_monsterinsights_sitenote_category":0},"product_brand":[],"product_cat":[1438,829,1068,1228],"product_tag":[729],"class_list":{"0":"post-30211","1":"product","2":"type-product","3":"status-publish","4":"has-post-thumbnail","6":"product_cat-carinthia","7":"product_cat-marcas","8":"product_cat-outdoor","9":"product_cat-saco-cama","10":"product_tag-saco-cama","12":"first","13":"onbackorder","14":"shipping-taxable","15":"purchasable","16":"product-type-variable"},"aioseo_notices":[],"jetpack_sharing_enabled":true,"_links":{"self":[{"href":"https:\/\/milicia-pro.com\/index.php\/wp-json\/wp\/v2\/product\/30211","targetHints":{"allow":["GET"]}}],"collection":[{"href":"https:\/\/milicia-pro.com\/index.php\/wp-json\/wp\/v2\/product"}],"about":[{"href":"https:\/\/milicia-pro.com\/index.php\/wp-json\/wp\/v2\/types\/product"}],"replies":[{"embeddable":true,"href":"https:\/\/milicia-pro.com\/index.php\/wp-json\/wp\/v2\/comments?post=30211"}],"wp:featuredmedia":[{"embeddable":true,"href":"https:\/\/milicia-pro.com\/index.php\/wp-json\/wp\/v2\/media\/42786"}],"wp:attachment":[{"href":"https:\/\/milicia-pro.com\/index.php\/wp-json\/wp\/v2\/media?parent=30211"}],"wp:term":[{"taxonomy":"product_brand","embeddable":true,"href":"https:\/\/milicia-pro.com\/index.php\/wp-json\/wp\/v2\/product_brand?post=30211"},{"taxonomy":"product_cat","embeddable":true,"href":"https:\/\/milicia-pro.com\/index.php\/wp-json\/wp\/v2\/product_cat?post=30211"},{"taxonomy":"product_tag","embeddable":true,"href":"https:\/\/milicia-pro.com\/index.php\/wp-json\/wp\/v2\/product_tag?post=30211"}],"curies":[{"name":"wp","href":"https:\/\/api.w.org\/{rel}","templated":true}]}}

SACO CAMA DEFENCE 4 &#8211; ARTIC &#8211; EXÉRCITO PORTUGUÊS

<p>É o saco cama de 3 estações mais popular e é nº1 em vendas.</p>
<p>É a escolha dos nossos militares em teatros de operações como a Bósnia ou o Kosovo. Recomenda-se o seu uso nas 3 estações mais frias mesmo em climas temperados como Portugal.</p>
<p>Tem uma excelente relação performance / peso e volume. Provou ser 100% de confiança em noites frias, tanto ao ar livre como em cavernas de neve.</p>
<p>A abertura é protegida do vento e humidade exterior por rebordo que cobre o Zipper externo. Com zipper interno e rebordo interior para evitar que o calor se escape pelos fechos. Ambos os zippers são de abertura rápida.</p>
<p>Com 2 liners incluídos para uma higiene fácil de manter.</p>
<p>A capa exterior é uma microfibra de nylon super leve, muito resistente, com microporos o que a torna impermeável.</p>

<table border="1" cellspacing="0" cellpadding="0">
<tbody>
<tr>
<td valign="top"></td>
<td valign="top"><b>CODIGO</b></td>
<td valign="top"><b>PESO</b></td>
<td><b>ENCHIMENTO </b></td>
<td valign="top"><b>COMPRIMENTO</b></td>
</tr>
<tr>
<td valign="top"><b>TIPO 185</b></td>
<td valign="top"><b>92490</b></td>
<td valign="top"><b>1850 g</b></td>
<td valign="top"><b>1000g</b></td>
<td valign="top"><b>215 cm</b></td>
</tr>
<tr>
<td valign="top"></td>
<td valign="top"><b>LARGURA DE COSTAS</b></td>
<td valign="top"><b>LARGURA DE PES</b></td>
<td valign="top"><b>IDEAL P/ </b><b>PESSOAS ATÉ</b></td>
<td valign="top"></td>
</tr>
<tr>
<td valign="top"></td>
<td valign="top"><b>83 cm</b></td>
<td valign="top"><b>57 cm</b></td>
<td valign="top"><b>185 cm</b></td>
<td valign="top"></td>
</tr>
</tbody>
</table>
<table border="1" cellspacing="0" cellpadding="0">
<tbody>
<tr>
<td valign="top"><b>VOLUME </b><b>FECHADO</b></td>
<td valign="top" nowrap="nowrap">&nbsp;</p>
<p><strong>CÓDIGO</strong></td>
<td valign="top"><b>SEM </b><b>COMPRESSÃO</b></td>
<td valign="top"><b>COM </b><b>COMPRESSÃO</b></td>
</tr>
<tr>
<td valign="top"><b>TIPO 185</b></td>
<td valign="top"><b>92490</b></td>
<td valign="top"><b>26 x 50 cm</b></td>
<td valign="top"><b>23 x 38 cm</b></td>
</tr>
</tbody>
</table>
<p><b><img loading="lazy" decoding="async" src="/admin/includes/spaw/empty/" width="1" height="1" border="0" /></b></p>
<ul>
<li><b>Capa: </b>“Shelltrans 100 % Polyamide micro fibre”.</li>
<li><b>Enchimento:</b> GLT</li>
<li><b><u>-15 ºC<img loading="lazy" decoding="async" src="/admin/includes/spaw/empty/" width="1" height="1" />&#8211;</u></b><b><u>34 ºC</u></b></li>
<li><b>Zipper: </b>Zipper interior e exterior de 150cm, e funcionam nos dois sentidos.</li>
<li><b>Forma: </b>Múmia com zipper central<u><br />
</u></li>
<li>Saco compressor com tiras horizontais e verticais</li>
<li>2 liners amovíveis</li>
</ul>
