{"id":30191,"date":"2022-09-01T17:03:32","date_gmt":"2022-09-01T17:03:32","guid":{"rendered":"https:\/\/milicia-pro.com\/?post_type=product&#038;p=30191"},"modified":"2026-01-09T10:51:09","modified_gmt":"2026-01-09T10:51:09","slug":"s-o-l-a-g-luva-de-assalto","status":"publish","type":"product","link":"https:\/\/milicia-pro.com\/index.php\/product\/s-o-l-a-g-luva-de-assalto\/","title":{"rendered":"S.O.L.A.G. LUVA DE ASSALTO"},"content":{"rendered":"<p>&nbsp;<\/p>\n<p>A HellStorm\u2122 S.O.L.A.G. (Luva de Assalto para Opera\u00e7\u00f5es Especiais) \u00e9 perfeita para unidades especiais da Policia ou Militares.<\/p>\n<p>Fabricada numa composi\u00e7\u00e3o sint\u00e9tica avan\u00e7ada, \u00e9 respir\u00e1vel, de secagem r\u00e1pida e leve, com uma admir\u00e1vel longevidade e resistente a deteriora\u00e7\u00e3o.<\/p>\n<p>Desenhada com um completo suporte do punho, com um sistema ajustador nas costas da m\u00e3o, com m\u00faltiplas costuras para melhorar o poder de anti deslizamento. Luvas S.O.L.A.G. s\u00e3o ideais para opera\u00e7\u00f5es terrestres e mar\u00edtimas.<\/p>\n<p>&nbsp;<\/p>\n<p>&nbsp;<\/p>\n","protected":false},"excerpt":{"rendered":"<p>&nbsp; A HellStorm\u2122 S.O.L.A.G. (Luva de Assalto para Opera\u00e7\u00f5es Especiais) \u00e9 perfeita para unidades especiais da Policia ou Militares. Fabricada numa composi\u00e7\u00e3o sint\u00e9tica avan\u00e7ada, \u00e9 respir\u00e1vel, de secagem r\u00e1pida e leve, com uma admir\u00e1vel longevidade e resistente a deteriora\u00e7\u00e3o. Desenhada com um completo suporte do punho, com um sistema ajustador nas costas da m\u00e3o, com [&#8230;]\n","protected":false},"featured_media":27028,"comment_status":"open","ping_status":"closed","template":"","meta":{"_monsterinsights_skip_tracking":false,"_monsterinsights_sitenote_active":false,"_monsterinsights_sitenote_note":"","_monsterinsights_sitenote_category":0},"product_brand":[1504],"product_cat":[1137,1064,1088,829],"product_tag":[846,503],"class_list":{"0":"post-30191","1":"product","2":"type-product","3":"status-publish","4":"has-post-thumbnail","6":"product_brand-blackhawk","7":"product_cat-blackhawk","8":"product_cat-equipamentotatico","9":"product_cat-luvas","10":"product_cat-marcas","11":"product_tag-luvas","12":"product_tag-taticas","14":"first","15":"instock","16":"shipping-taxable","17":"purchasable","18":"product-type-variable"},"aioseo_notices":[],"jetpack_sharing_enabled":true,"_links":{"self":[{"href":"https:\/\/milicia-pro.com\/index.php\/wp-json\/wp\/v2\/product\/30191","targetHints":{"allow":["GET"]}}],"collection":[{"href":"https:\/\/milicia-pro.com\/index.php\/wp-json\/wp\/v2\/product"}],"about":[{"href":"https:\/\/milicia-pro.com\/index.php\/wp-json\/wp\/v2\/types\/product"}],"replies":[{"embeddable":true,"href":"https:\/\/milicia-pro.com\/index.php\/wp-json\/wp\/v2\/comments?post=30191"}],"wp:featuredmedia":[{"embeddable":true,"href":"https:\/\/milicia-pro.com\/index.php\/wp-json\/wp\/v2\/media\/27028"}],"wp:attachment":[{"href":"https:\/\/milicia-pro.com\/index.php\/wp-json\/wp\/v2\/media?parent=30191"}],"wp:term":[{"taxonomy":"product_brand","embeddable":true,"href":"https:\/\/milicia-pro.com\/index.php\/wp-json\/wp\/v2\/product_brand?post=30191"},{"taxonomy":"product_cat","embeddable":true,"href":"https:\/\/milicia-pro.com\/index.php\/wp-json\/wp\/v2\/product_cat?post=30191"},{"taxonomy":"product_tag","embeddable":true,"href":"https:\/\/milicia-pro.com\/index.php\/wp-json\/wp\/v2\/product_tag?post=30191"}],"curies":[{"name":"wp","href":"https:\/\/api.w.org\/{rel}","templated":true}]}}