{"id":30185,"date":"2022-09-01T17:03:20","date_gmt":"2022-09-01T17:03:20","guid":{"rendered":"https:\/\/milicia-pro.com\/?post_type=product&#038;p=30185"},"modified":"2025-12-18T12:55:36","modified_gmt":"2025-12-18T12:55:36","slug":"algemas-asp-tri-folds","status":"publish","type":"product","link":"https:\/\/milicia-pro.com\/index.php\/product\/algemas-asp-tri-folds\/","title":{"rendered":"ALGEMAS ASP TRI-FOLDS"},"content":{"rendered":"<p>As algemas descart\u00e1veis Tri-Fold s\u00e3o compactas, f\u00e1ceis de transportar e r\u00e1pidas de usar. Especificamente concebidas para uso policial cumprindo todos os seus requisitos. S\u00e3o extraordinariamente fortes e resistentes. O seu designe evita riscos de edema e\/ou m\u00e1 circula\u00e7\u00e3o. Sistema de fecho inovador da ASP.<\/p>\n<p>&nbsp;<\/p>\n","protected":false},"excerpt":{"rendered":"<p>As algemas descart\u00e1veis Tri-Fold s\u00e3o compactas, f\u00e1ceis de transportar e r\u00e1pidas de usar. Especificamente concebidas para uso policial cumprindo todos os seus requisitos. S\u00e3o extraordinariamente fortes e resistentes. O seu designe evita riscos de edema e\/ou m\u00e1 circula\u00e7\u00e3o. Sistema de fecho inovador da ASP. &nbsp;<\/p>\n","protected":false},"featured_media":27018,"comment_status":"open","ping_status":"closed","template":"","meta":{"_monsterinsights_skip_tracking":false,"_monsterinsights_sitenote_active":false,"_monsterinsights_sitenote_note":"","_monsterinsights_sitenote_category":0},"product_brand":[1501],"product_cat":[1135,1314,1064,829],"product_tag":[501,502],"class_list":{"0":"post-30185","1":"product","2":"type-product","3":"status-publish","4":"has-post-thumbnail","6":"product_brand-asp","7":"product_cat-algemas","8":"product_cat-asp","9":"product_cat-equipamentotatico","10":"product_cat-marcas","11":"product_tag-algemas","12":"product_tag-asp","14":"first","15":"instock","16":"shipping-taxable","17":"purchasable","18":"product-type-variable"},"aioseo_notices":[],"jetpack_sharing_enabled":true,"_links":{"self":[{"href":"https:\/\/milicia-pro.com\/index.php\/wp-json\/wp\/v2\/product\/30185","targetHints":{"allow":["GET"]}}],"collection":[{"href":"https:\/\/milicia-pro.com\/index.php\/wp-json\/wp\/v2\/product"}],"about":[{"href":"https:\/\/milicia-pro.com\/index.php\/wp-json\/wp\/v2\/types\/product"}],"replies":[{"embeddable":true,"href":"https:\/\/milicia-pro.com\/index.php\/wp-json\/wp\/v2\/comments?post=30185"}],"wp:featuredmedia":[{"embeddable":true,"href":"https:\/\/milicia-pro.com\/index.php\/wp-json\/wp\/v2\/media\/27018"}],"wp:attachment":[{"href":"https:\/\/milicia-pro.com\/index.php\/wp-json\/wp\/v2\/media?parent=30185"}],"wp:term":[{"taxonomy":"product_brand","embeddable":true,"href":"https:\/\/milicia-pro.com\/index.php\/wp-json\/wp\/v2\/product_brand?post=30185"},{"taxonomy":"product_cat","embeddable":true,"href":"https:\/\/milicia-pro.com\/index.php\/wp-json\/wp\/v2\/product_cat?post=30185"},{"taxonomy":"product_tag","embeddable":true,"href":"https:\/\/milicia-pro.com\/index.php\/wp-json\/wp\/v2\/product_tag?post=30185"}],"curies":[{"name":"wp","href":"https:\/\/api.w.org\/{rel}","templated":true}]}}