{"id":30178,"date":"2022-09-01T17:03:20","date_gmt":"2022-09-01T17:03:20","guid":{"rendered":"https:\/\/milicia-pro.com\/?post_type=product&#038;p=30178"},"modified":"2026-01-07T17:25:40","modified_gmt":"2026-01-07T17:25:40","slug":"luvas-rappell-sem-dedos","status":"publish","type":"product","link":"https:\/\/milicia-pro.com\/index.php\/product\/luvas-rappell-sem-dedos\/","title":{"rendered":"LUVAS RAPPELL SEM DEDOS"},"content":{"rendered":"<p align=\"justify\">A luva FROG-10 foi desenhada para ser usada em combina\u00e7\u00e3o com as \u201cCQD\u201d, com o objectivo de se criar um sistema revolucion\u00e1rio de corda r\u00e1pida.<\/p>\n<p align=\"justify\">Servir\u00e1 essencialmente como uma luva de protec\u00e7\u00e3o.<\/p>\n<p align=\"justify\">Constru\u00edda em pele de 8-9mm com tecido expansivo nas costas, para melhor adapta\u00e7\u00e3o.<\/p>\n<p align=\"justify\">Punhos com velcro ajust\u00e1vel.<\/p>\n","protected":false},"excerpt":{"rendered":"<p>A luva FROG-10 foi desenhada para ser usada em combina\u00e7\u00e3o com as \u201cCQD\u201d, com o objectivo de se criar um sistema revolucion\u00e1rio de corda r\u00e1pida. Servir\u00e1 essencialmente como uma luva de protec\u00e7\u00e3o. Constru\u00edda em pele de 8-9mm com tecido expansivo nas costas, para melhor adapta\u00e7\u00e3o. Punhos com velcro ajust\u00e1vel.<\/p>\n","protected":false},"featured_media":26992,"comment_status":"open","ping_status":"closed","template":"","meta":{"_monsterinsights_skip_tracking":false,"_monsterinsights_sitenote_active":false,"_monsterinsights_sitenote_note":"","_monsterinsights_sitenote_category":0},"product_brand":[1512],"product_cat":[1064,965,1088,829],"product_tag":[846,1158],"class_list":{"0":"post-30178","1":"product","2":"type-product","3":"status-publish","4":"has-post-thumbnail","6":"product_brand-hatch","7":"product_cat-equipamentotatico","8":"product_cat-hatch","9":"product_cat-luvas","10":"product_cat-marcas","11":"product_tag-luvas","12":"product_tag-sem-dedos","14":"first","15":"instock","16":"shipping-taxable","17":"purchasable","18":"product-type-variable"},"aioseo_notices":[],"jetpack_sharing_enabled":true,"_links":{"self":[{"href":"https:\/\/milicia-pro.com\/index.php\/wp-json\/wp\/v2\/product\/30178","targetHints":{"allow":["GET"]}}],"collection":[{"href":"https:\/\/milicia-pro.com\/index.php\/wp-json\/wp\/v2\/product"}],"about":[{"href":"https:\/\/milicia-pro.com\/index.php\/wp-json\/wp\/v2\/types\/product"}],"replies":[{"embeddable":true,"href":"https:\/\/milicia-pro.com\/index.php\/wp-json\/wp\/v2\/comments?post=30178"}],"wp:featuredmedia":[{"embeddable":true,"href":"https:\/\/milicia-pro.com\/index.php\/wp-json\/wp\/v2\/media\/26992"}],"wp:attachment":[{"href":"https:\/\/milicia-pro.com\/index.php\/wp-json\/wp\/v2\/media?parent=30178"}],"wp:term":[{"taxonomy":"product_brand","embeddable":true,"href":"https:\/\/milicia-pro.com\/index.php\/wp-json\/wp\/v2\/product_brand?post=30178"},{"taxonomy":"product_cat","embeddable":true,"href":"https:\/\/milicia-pro.com\/index.php\/wp-json\/wp\/v2\/product_cat?post=30178"},{"taxonomy":"product_tag","embeddable":true,"href":"https:\/\/milicia-pro.com\/index.php\/wp-json\/wp\/v2\/product_tag?post=30178"}],"curies":[{"name":"wp","href":"https:\/\/api.w.org\/{rel}","templated":true}]}}