{"id":29597,"date":"2022-09-01T15:35:46","date_gmt":"2022-09-01T15:35:46","guid":{"rendered":"https:\/\/milicia-pro.com\/?post_type=product&#038;p=29597"},"modified":"2025-09-24T17:09:16","modified_gmt":"2025-09-24T17:09:16","slug":"cinturao-exterior-web-duty","status":"publish","type":"product","link":"https:\/\/milicia-pro.com\/index.php\/product\/cinturao-exterior-web-duty\/","title":{"rendered":"CINTUR\u00c3O EXTERIOR WEB DUTY"},"content":{"rendered":"<p>Interior com faixa de velcro a todo o comprimento para garantir um transporte seguro, comodo e ergon\u00f3mico de todos os acess\u00f3rios, quando acoplado a um cinto interior de dupla face.<\/p>\n<div>&#8211; Produzido em Cordura Dupont.<\/div>\n<div>&#8211; Velcro f\u00eamea no interior.<\/div>\n<div>&#8211; Possibilidade de pequeno ajuste.<\/div>\n<div>&#8211; Fivela com tripla seguran\u00e7a para evitar acidentes.<\/div>\n<div>&#8211; Passadeiras em pl\u00e1stico.<\/div>\n<div>&#8211; Dupla camada de nylon refor\u00e7ado<\/div>\n<div>&#8211; Largura: 50mm.<\/div>\n<div>&#8211; Cor: Preta.<\/div>\n<p>&nbsp;<\/p>\n<p>&nbsp;<\/p>\n<p>&nbsp;<\/p>\n","protected":false},"excerpt":{"rendered":"<p>Interior com faixa de velcro a todo o comprimento para garantir um transporte seguro, comodo e ergon\u00f3mico de todos os acess\u00f3rios, quando acoplado a um cinto interior de dupla face. &#8211; Produzido em Cordura Dupont. &#8211; Velcro f\u00eamea no interior. &#8211; Possibilidade de pequeno ajuste. &#8211; Fivela com tripla seguran\u00e7a para evitar acidentes. &#8211; Passadeiras [&#8230;]\n","protected":false},"featured_media":27940,"comment_status":"open","ping_status":"closed","template":"","meta":{"_monsterinsights_skip_tracking":false,"_monsterinsights_sitenote_active":false,"_monsterinsights_sitenote_note":"","_monsterinsights_sitenote_category":0},"product_brand":[1504],"product_cat":[1137,1153,829,1063],"product_tag":[118,326],"class_list":{"0":"post-29597","1":"product","2":"type-product","3":"status-publish","4":"has-post-thumbnail","6":"product_brand-blackhawk","7":"product_cat-blackhawk","8":"product_cat-cinto","9":"product_cat-marcas","10":"product_cat-vestuario","11":"product_tag-cinturao","12":"product_tag-tatico","14":"first","15":"instock","16":"shipping-taxable","17":"purchasable","18":"product-type-variable"},"aioseo_notices":[],"jetpack_sharing_enabled":true,"_links":{"self":[{"href":"https:\/\/milicia-pro.com\/index.php\/wp-json\/wp\/v2\/product\/29597","targetHints":{"allow":["GET"]}}],"collection":[{"href":"https:\/\/milicia-pro.com\/index.php\/wp-json\/wp\/v2\/product"}],"about":[{"href":"https:\/\/milicia-pro.com\/index.php\/wp-json\/wp\/v2\/types\/product"}],"replies":[{"embeddable":true,"href":"https:\/\/milicia-pro.com\/index.php\/wp-json\/wp\/v2\/comments?post=29597"}],"wp:featuredmedia":[{"embeddable":true,"href":"https:\/\/milicia-pro.com\/index.php\/wp-json\/wp\/v2\/media\/27940"}],"wp:attachment":[{"href":"https:\/\/milicia-pro.com\/index.php\/wp-json\/wp\/v2\/media?parent=29597"}],"wp:term":[{"taxonomy":"product_brand","embeddable":true,"href":"https:\/\/milicia-pro.com\/index.php\/wp-json\/wp\/v2\/product_brand?post=29597"},{"taxonomy":"product_cat","embeddable":true,"href":"https:\/\/milicia-pro.com\/index.php\/wp-json\/wp\/v2\/product_cat?post=29597"},{"taxonomy":"product_tag","embeddable":true,"href":"https:\/\/milicia-pro.com\/index.php\/wp-json\/wp\/v2\/product_tag?post=29597"}],"curies":[{"name":"wp","href":"https:\/\/api.w.org\/{rel}","templated":true}]}}