{"id":29592,"date":"2022-09-01T15:35:44","date_gmt":"2022-09-01T15:35:44","guid":{"rendered":"https:\/\/milicia-pro.com\/?post_type=product&#038;p=29592"},"modified":"2025-09-24T17:09:34","modified_gmt":"2025-09-24T17:09:34","slug":"cotoveleiras-advance-tactical-v2-0","status":"publish","type":"product","link":"https:\/\/milicia-pro.com\/index.php\/product\/cotoveleiras-advance-tactical-v2-0\/","title":{"rendered":"COTOVELEIRAS ADVANCE TACTICAL V2.0"},"content":{"rendered":"<ul>\n<li>Protec\u00e7\u00e3o eficiente apesar da sua extrema leveza<\/li>\n<li>Protec\u00e7\u00e3o adicional em PVC flex\u00edvel e n\u00e3o derrapante<\/li>\n<li>Cobertura em Nylon 600D<\/li>\n<li>Em espuma de alta densidade com elevada capacidade de amortecimento<\/li>\n<li>Cintas de aperto el\u00e1sticas<\/li>\n<li>Dispon\u00edvel em Preto, Coyote, Verde Foliage, Verde OD<\/li>\n<\/ul>\n","protected":false},"excerpt":{"rendered":"<p>Protec\u00e7\u00e3o eficiente apesar da sua extrema leveza Protec\u00e7\u00e3o adicional em PVC flex\u00edvel e n\u00e3o derrapante Cobertura em Nylon 600D Em espuma de alta densidade com elevada capacidade de amortecimento Cintas de aperto el\u00e1sticas Dispon\u00edvel em Preto, Coyote, Verde Foliage, Verde OD<\/p>\n","protected":false},"featured_media":28013,"comment_status":"open","ping_status":"closed","template":"","meta":{"_monsterinsights_skip_tracking":false,"_monsterinsights_sitenote_active":false,"_monsterinsights_sitenote_note":"","_monsterinsights_sitenote_category":0},"product_brand":[1504],"product_cat":[1137,1091,1064,829],"product_tag":[129],"class_list":{"0":"post-29592","1":"product","2":"type-product","3":"status-publish","4":"has-post-thumbnail","6":"product_brand-blackhawk","7":"product_cat-blackhawk","8":"product_cat-cotoveleirajoelheira","9":"product_cat-equipamentotatico","10":"product_cat-marcas","11":"product_tag-cotoveleira","13":"first","14":"instock","15":"shipping-taxable","16":"purchasable","17":"product-type-variable"},"aioseo_notices":[],"jetpack_sharing_enabled":true,"_links":{"self":[{"href":"https:\/\/milicia-pro.com\/index.php\/wp-json\/wp\/v2\/product\/29592","targetHints":{"allow":["GET"]}}],"collection":[{"href":"https:\/\/milicia-pro.com\/index.php\/wp-json\/wp\/v2\/product"}],"about":[{"href":"https:\/\/milicia-pro.com\/index.php\/wp-json\/wp\/v2\/types\/product"}],"replies":[{"embeddable":true,"href":"https:\/\/milicia-pro.com\/index.php\/wp-json\/wp\/v2\/comments?post=29592"}],"wp:featuredmedia":[{"embeddable":true,"href":"https:\/\/milicia-pro.com\/index.php\/wp-json\/wp\/v2\/media\/28013"}],"wp:attachment":[{"href":"https:\/\/milicia-pro.com\/index.php\/wp-json\/wp\/v2\/media?parent=29592"}],"wp:term":[{"taxonomy":"product_brand","embeddable":true,"href":"https:\/\/milicia-pro.com\/index.php\/wp-json\/wp\/v2\/product_brand?post=29592"},{"taxonomy":"product_cat","embeddable":true,"href":"https:\/\/milicia-pro.com\/index.php\/wp-json\/wp\/v2\/product_cat?post=29592"},{"taxonomy":"product_tag","embeddable":true,"href":"https:\/\/milicia-pro.com\/index.php\/wp-json\/wp\/v2\/product_tag?post=29592"}],"curies":[{"name":"wp","href":"https:\/\/api.w.org\/{rel}","templated":true}]}}