{"id":29581,"date":"2022-09-01T15:35:40","date_gmt":"2022-09-01T15:35:40","guid":{"rendered":"https:\/\/milicia-pro.com\/?post_type=product&#038;p=29581"},"modified":"2026-03-09T17:00:12","modified_gmt":"2026-03-09T17:00:12","slug":"luvas-operator-hard-knuckle-couro","status":"publish","type":"product","link":"https:\/\/milicia-pro.com\/index.php\/product\/luvas-operator-hard-knuckle-couro\/","title":{"rendered":"LUVAS OPERATOR HARD KNUCKLE COURO"},"content":{"rendered":"<p><img loading=\"lazy\" decoding=\"async\" class=\"alignnone size-medium wp-image-19608\" src=\"https:\/\/miliciapro.com\/wp-content\/uploads\/2019\/07\/HKL-100.3-505x400.jpg\" alt=\"\" width=\"505\" height=\"400\" \/><\/p>\n<p><b>Luva Operator\u2122 HK<\/b> integralmente em pele. A nova HK oferece uma extraordin\u00e1ria prote\u00e7\u00e3o dos n\u00f3s dos dedos com espuma de alta densidade e Kevlar\u00ae.<\/p>\n<ul>\n<li>Punho com el\u00e1stico e fecho ajust\u00e1vel em velcro para um ajuste perfeito<\/li>\n<li>Palma da m\u00e3o em pele de cabra com tratamento imperme\u00e1vel, para manter as m\u00e3os secas<\/li>\n<li>Pele laminada PVC nos n\u00f3s dos dedos oferece prote\u00e7\u00e3o e abafa o barulho<\/li>\n<li>Prote\u00e7\u00e3o 100% KEVLAR\u00ae<\/li>\n<li>Possibilidade de extrair a extremidade do dedo indicador para melhor controlo da arma<\/li>\n<li>Ideal para equipas SWAT e t\u00e1ticas, grupos militares.<\/li>\n<\/ul>\n<p>&nbsp;<\/p>\n","protected":false},"excerpt":{"rendered":"<p>Luva Operator\u2122 HK integralmente em pele. A nova HK oferece uma extraordin\u00e1ria prote\u00e7\u00e3o dos n\u00f3s dos dedos com espuma de alta densidade e Kevlar\u00ae. Punho com el\u00e1stico e fecho ajust\u00e1vel em velcro para um ajuste perfeito Palma da m\u00e3o em pele de cabra com tratamento imperme\u00e1vel, para manter as m\u00e3os secas Pele laminada PVC nos [&#8230;]\n","protected":false},"featured_media":28120,"comment_status":"open","ping_status":"closed","template":"","meta":{"_monsterinsights_skip_tracking":false,"_monsterinsights_sitenote_active":false,"_monsterinsights_sitenote_note":"","_monsterinsights_sitenote_category":0},"product_brand":[1512],"product_cat":[1064,965,1088,829],"product_tag":[846,326],"class_list":{"0":"post-29581","1":"product","2":"type-product","3":"status-publish","4":"has-post-thumbnail","6":"product_brand-hatch","7":"product_cat-equipamentotatico","8":"product_cat-hatch","9":"product_cat-luvas","10":"product_cat-marcas","11":"product_tag-luvas","12":"product_tag-tatico","14":"first","15":"instock","16":"shipping-taxable","17":"purchasable","18":"product-type-variable"},"aioseo_notices":[],"jetpack_sharing_enabled":true,"_links":{"self":[{"href":"https:\/\/milicia-pro.com\/index.php\/wp-json\/wp\/v2\/product\/29581","targetHints":{"allow":["GET"]}}],"collection":[{"href":"https:\/\/milicia-pro.com\/index.php\/wp-json\/wp\/v2\/product"}],"about":[{"href":"https:\/\/milicia-pro.com\/index.php\/wp-json\/wp\/v2\/types\/product"}],"replies":[{"embeddable":true,"href":"https:\/\/milicia-pro.com\/index.php\/wp-json\/wp\/v2\/comments?post=29581"}],"wp:featuredmedia":[{"embeddable":true,"href":"https:\/\/milicia-pro.com\/index.php\/wp-json\/wp\/v2\/media\/28120"}],"wp:attachment":[{"href":"https:\/\/milicia-pro.com\/index.php\/wp-json\/wp\/v2\/media?parent=29581"}],"wp:term":[{"taxonomy":"product_brand","embeddable":true,"href":"https:\/\/milicia-pro.com\/index.php\/wp-json\/wp\/v2\/product_brand?post=29581"},{"taxonomy":"product_cat","embeddable":true,"href":"https:\/\/milicia-pro.com\/index.php\/wp-json\/wp\/v2\/product_cat?post=29581"},{"taxonomy":"product_tag","embeddable":true,"href":"https:\/\/milicia-pro.com\/index.php\/wp-json\/wp\/v2\/product_tag?post=29581"}],"curies":[{"name":"wp","href":"https:\/\/api.w.org\/{rel}","templated":true}]}}