{"id":29497,"date":"2022-09-01T09:48:34","date_gmt":"2022-09-01T09:48:34","guid":{"rendered":"https:\/\/milicia-pro.com\/?post_type=product&#038;p=29497"},"modified":"2025-07-27T12:55:25","modified_gmt":"2025-07-27T12:55:25","slug":"saco-recoil-range-de-40-litros","status":"publish","type":"product","link":"https:\/\/milicia-pro.com\/index.php\/product\/saco-recoil-range-de-40-litros\/","title":{"rendered":"SACO RECOIL RANGE DE 40 LITROS"},"content":{"rendered":"<p><span style=\"color: #000000;font-family: Calibri;font-size: medium\">Transporte as suas armas e muni\u00e7\u00f5es de forma segura e protegida na Bolsa Range da First tactical. <\/span><\/p>\n<p><span style=\"color: #000000;font-family: Calibri;font-size: medium\">Projectada em poli\u00e9ster 600D resistente e com preenchimento de espuma fechada para o seu material organizado. Os bolsos e compartimentos internos, especializados, atendem a todas as suas necessidades de armazenamento, nesta mala t\u00e1ctica de primeira classe. <\/span><\/p>\n<p><span style=\"color: #000000;font-family: Calibri;font-size: medium\">Com as medidas de: <\/span><\/p>\n<p><span style=\"color: #000000;font-family: Calibri;font-size: medium\">45,7cm x 27,9cm x 22,9cm, <\/span><\/p>\n<p><span style=\"color: #000000;font-family: Calibri;font-size: medium\">Bolsos frontais de: 21,6cm x 22,9cm x 5cm. <\/span><\/p>\n<p><span style=\"color: #000000;font-family: Calibri;font-size: medium\">Bolsos laterias de: 19,1cm x 21,6cm x 7,6cm. <\/span><\/p>\n<p><span style=\"color: #000000;font-family: Calibri;font-size: medium\">Compartimento do transporte: 41,3cm x 17,8cm x 14cm. <\/span><\/p>\n<p><span style=\"color: #000000;font-family: Calibri;font-size: medium\">Capacidade para 40,5Kg. Bolsos: 6 externos, 13 internos e duas divis\u00f3rias acolchoadas. <\/span><\/p>\n<p><span style=\"color: #000000;font-family: Calibri;font-size: medium\">Poli\u00e9ster 600D, fechos YKK Hardware Duraflex.<\/span><\/p>\n<p><iframe loading=\"lazy\" title=\"First Tactical&#039;s Recoil Range Bag\" width=\"1020\" height=\"574\" src=\"https:\/\/www.youtube.com\/embed\/Of9u3Wma25Q?feature=oembed\" frameborder=\"0\" allow=\"accelerometer; autoplay; clipboard-write; encrypted-media; gyroscope; picture-in-picture; web-share\" allowfullscreen><\/iframe><\/p>\n<p><img loading=\"lazy\" decoding=\"async\" class=\"size-full wp-image-16073 alignleft\" src=\"https:\/\/miliciapro.com\/wp-content\/uploads\/2020\/03\/180000-10.png\" alt=\"\" width=\"206\" height=\"143\" \/><\/p>\n<p><span style=\"color: #000000;font-family: Calibri;font-size: medium\">INTERIOR COM DIVIS\u00d3RIAS<\/span><\/p>\n<p><span style=\"color: #000000;font-family: Calibri;font-size: medium\">Interior com organiza\u00e7\u00e3o superior e divis\u00f5es acolchoadas e r\u00edgidas. Compartimento para transportar 2 armas e 10 carregadores. <\/span><\/p>\n<p>&nbsp;<\/p>\n<p>&nbsp;<\/p>\n<p><img loading=\"lazy\" decoding=\"async\" class=\"size-medium wp-image-16074 alignleft\" src=\"https:\/\/miliciapro.com\/wp-content\/uploads\/2020\/03\/180000-11.png\" alt=\"\" width=\"203\" height=\"141\" \/><\/p>\n<p><span style=\"color: #000000;font-family: Calibri;font-size: medium\">BOLSO DE LIMPEZA\/ARMAZENAMENTO DE FERRRAMENTAS<\/span><\/p>\n<p><span style=\"color: #000000;font-family: Calibri;font-size: medium\">Compartimento especializado para armazenamento de ferramentas de limpeza t\u00e1ticas. A aba do bolso \u00e9 descompactada e com revestimento resistente ao \u00f3leo utilizado na limpeza da arma.<\/span><\/p>\n<p>&nbsp;<\/p>\n<p>&nbsp;<\/p>\n<p><img loading=\"lazy\" decoding=\"async\" class=\"size-medium wp-image-16075 alignleft\" src=\"https:\/\/miliciapro.com\/wp-content\/uploads\/2020\/03\/180000-12.png\" alt=\"\" width=\"207\" height=\"140\" \/><\/p>\n<p><span style=\"color: #000000;font-family: Calibri;font-size: medium\">BLOQUEIO DO COMPARTIMENTO PRINCIPAL<\/span><\/p>\n<p><span style=\"color: #000000;font-family: Calibri;font-size: medium\">Dependendo das suas necessidades, o compartimento principal possui em sistema de fecho que permite aos mesmo sobreporem-se para bloquear a sua abertura, servido assim como bloqueio. <\/span><\/p>\n<p>&nbsp;<\/p>\n","protected":false},"excerpt":{"rendered":"<p>Transporte as suas armas e muni\u00e7\u00f5es de forma segura e protegida na Bolsa Range da First tactical. Projectada em poli\u00e9ster 600D resistente e com preenchimento de espuma fechada para o seu material organizado. Os bolsos e compartimentos internos, especializados, atendem a todas as suas necessidades de armazenamento, nesta mala t\u00e1ctica de primeira classe. Com as [&#8230;]\n","protected":false},"featured_media":31002,"comment_status":"open","ping_status":"closed","template":"","meta":{"_monsterinsights_skip_tracking":false,"_monsterinsights_sitenote_active":false,"_monsterinsights_sitenote_note":"","_monsterinsights_sitenote_category":0},"product_brand":[],"product_cat":[830,1341,829,1467],"product_tag":[64,205,326],"class_list":{"0":"post-29497","1":"product","2":"type-product","3":"status-publish","4":"has-post-thumbnail","6":"product_cat-firsttactical","7":"product_cat-mala","8":"product_cat-marcas","9":"product_cat-mochilas-bolsas","10":"product_tag-arma","11":"product_tag-mala","12":"product_tag-tatico","14":"first","15":"instock","16":"shipping-taxable","17":"purchasable","18":"product-type-variable"},"aioseo_notices":[],"jetpack_sharing_enabled":true,"_links":{"self":[{"href":"https:\/\/milicia-pro.com\/index.php\/wp-json\/wp\/v2\/product\/29497","targetHints":{"allow":["GET"]}}],"collection":[{"href":"https:\/\/milicia-pro.com\/index.php\/wp-json\/wp\/v2\/product"}],"about":[{"href":"https:\/\/milicia-pro.com\/index.php\/wp-json\/wp\/v2\/types\/product"}],"replies":[{"embeddable":true,"href":"https:\/\/milicia-pro.com\/index.php\/wp-json\/wp\/v2\/comments?post=29497"}],"wp:featuredmedia":[{"embeddable":true,"href":"https:\/\/milicia-pro.com\/index.php\/wp-json\/wp\/v2\/media\/31002"}],"wp:attachment":[{"href":"https:\/\/milicia-pro.com\/index.php\/wp-json\/wp\/v2\/media?parent=29497"}],"wp:term":[{"taxonomy":"product_brand","embeddable":true,"href":"https:\/\/milicia-pro.com\/index.php\/wp-json\/wp\/v2\/product_brand?post=29497"},{"taxonomy":"product_cat","embeddable":true,"href":"https:\/\/milicia-pro.com\/index.php\/wp-json\/wp\/v2\/product_cat?post=29497"},{"taxonomy":"product_tag","embeddable":true,"href":"https:\/\/milicia-pro.com\/index.php\/wp-json\/wp\/v2\/product_tag?post=29497"}],"curies":[{"name":"wp","href":"https:\/\/api.w.org\/{rel}","templated":true}]}}